{"id":15,"date":"2020-12-14T11:51:09","date_gmt":"2020-12-14T09:51:09","guid":{"rendered":"http:\/\/tul.fi\/geebee\/?page_id=15"},"modified":"2026-04-08T08:30:33","modified_gmt":"2026-04-08T05:30:33","slug":"medialle","status":"publish","type":"page","link":"https:\/\/tul.fi\/geebee\/info\/medialle\/","title":{"rendered":"Medialle"},"content":{"rendered":"\n<p>Tervetuloa seuraamaan 44. nyrkkeilyn kansainv\u00e4list\u00e4 GeeBee-turnausta Helsingin Urheilutalolle!<\/p>\n\n\n\n<p>Median akkreditoituminen tulee tehd\u00e4 9.4. menness\u00e4 Aino Raiskinm\u00e4elle (aino.raiskinmaki@tul.fi). Akkreditointi edellytt\u00e4\u00e4 todistetta siit\u00e4, ett\u00e4 henkil\u00f6 on median edustaja. Akkreditoituneet median edustajat voivat noutaa PRESS-kulkuluvan kilpailupaikalla lipunmyynnin yhteydest\u00e4.<\/p>\n\n\n\n<p><\/p>\n","protected":false},"excerpt":{"rendered":"<p>Tervetuloa seuraamaan 44. nyrkkeilyn kansainv\u00e4list\u00e4 GeeBee-turnausta Helsingin Urheilutalolle! Median akkreditoituminen tulee tehd\u00e4 9.4. menness\u00e4 Aino Raiskinm\u00e4elle (aino.raiskinmaki@tul.fi). Akkreditointi edellytt\u00e4\u00e4 todistetta siit\u00e4, ett\u00e4 henkil\u00f6 on median edustaja. Akkreditoituneet median edustajat voivat noutaa PRESS-kulkuluvan kilpailupaikalla lipunmyynnin yhteydest\u00e4.<\/p>\n","protected":false},"author":1,"featured_media":220,"parent":11,"menu_order":0,"comment_status":"closed","ping_status":"closed","template":"","meta":{"_acf_changed":false,"footnotes":""},"class_list":["post-15","page","type-page","status-publish","has-post-thumbnail","hentry"],"acf":[],"aioseo_notices":[],"_links":{"self":[{"href":"https:\/\/tul.fi\/geebee\/wp-json\/wp\/v2\/pages\/15","targetHints":{"allow":["GET"]}}],"collection":[{"href":"https:\/\/tul.fi\/geebee\/wp-json\/wp\/v2\/pages"}],"about":[{"href":"https:\/\/tul.fi\/geebee\/wp-json\/wp\/v2\/types\/page"}],"author":[{"embeddable":true,"href":"https:\/\/tul.fi\/geebee\/wp-json\/wp\/v2\/users\/1"}],"replies":[{"embeddable":true,"href":"https:\/\/tul.fi\/geebee\/wp-json\/wp\/v2\/comments?post=15"}],"version-history":[{"count":10,"href":"https:\/\/tul.fi\/geebee\/wp-json\/wp\/v2\/pages\/15\/revisions"}],"predecessor-version":[{"id":1431,"href":"https:\/\/tul.fi\/geebee\/wp-json\/wp\/v2\/pages\/15\/revisions\/1431"}],"up":[{"embeddable":true,"href":"https:\/\/tul.fi\/geebee\/wp-json\/wp\/v2\/pages\/11"}],"wp:featuredmedia":[{"embeddable":true,"href":"https:\/\/tul.fi\/geebee\/wp-json\/wp\/v2\/media\/220"}],"wp:attachment":[{"href":"https:\/\/tul.fi\/geebee\/wp-json\/wp\/v2\/media?parent=15"}],"curies":[{"name":"wp","href":"https:\/\/api.w.org\/{rel}","templated":true}]}}