{"id":867,"date":"2023-04-13T16:28:10","date_gmt":"2023-04-13T13:28:10","guid":{"rendered":"https:\/\/tul.fi\/geebee\/?page_id=867"},"modified":"2025-03-12T13:55:49","modified_gmt":"2025-03-12T11:55:49","slug":"vastuullisuusohjelma","status":"publish","type":"page","link":"https:\/\/tul.fi\/geebee\/vastuullisuusohjelma\/","title":{"rendered":"Vastuullisuusohjelma"},"content":{"rendered":"\n<h2 class=\"wp-block-heading\">Vastuullisuus turnauksessa<\/h2>\n\n\n\n<p>GeeBee-turnauksessa 10.-13.4.2025 noudatetaan soveltuvin osin Suomen Ty\u00f6v\u00e4en Urheiluliitto TUL ry:n m\u00e4\u00e4rittelemi\u00e4 eettist\u00e4 ohjeistoa, tasa-arvo- ja yhdenvertaisuusohjelmaa sek\u00e4 ymp\u00e4rist\u00f6- ja ilmastovastuullisuusohjelmaa. Yll\u00e4 mainittujen ohjelmien ja ohjeiston lis\u00e4ksi t\u00e4m\u00e4n vastuullisuusohjelman luomisessa on hy\u00f6dynnetty Suomen Nyrkkeilyliitto ry:n sek\u00e4 Suomen urheilun eettinen keskus <a href=\"https:\/\/suek.fi\/\" target=\"_blank\" rel=\"noopener\" title=\"\">SUEK ry:n<\/a> ohjeistuksia sek\u00e4 m\u00e4\u00e4r\u00e4yksi\u00e4.<\/p>\n\n\n<div class=\"wp-block-image\">\n<figure class=\"aligncenter size-full\"><img loading=\"lazy\" decoding=\"async\" width=\"600\" height=\"314\" src=\"https:\/\/tul.fi\/geebee\/wp-content\/uploads\/sites\/13\/2023\/04\/Taustakuva-ymparistoohjelma.png\" alt=\"\" class=\"wp-image-892\" srcset=\"https:\/\/tul.fi\/geebee\/wp-content\/uploads\/sites\/13\/2023\/04\/Taustakuva-ymparistoohjelma.png 600w, https:\/\/tul.fi\/geebee\/wp-content\/uploads\/sites\/13\/2023\/04\/Taustakuva-ymparistoohjelma-300x157.png 300w\" sizes=\"auto, (max-width: 600px) 100vw, 600px\" \/><\/figure>\n<\/div>\n\n\n<h3 class=\"wp-block-heading\">Ymp\u00e4rist\u00f6 ja ilmasto<\/h3>\n\n\n\n<p><strong>Tapahtumapaikka<\/strong><br>Tapahtumapaikkana toimii Kalliossa sijaitseva Helsingin Urheilutalo (Helsinginkatu 25, 00510), jonka hallinnoinnista vastaa Urheiluhallit Oy. Tapahtumapaikka on keskeisen sijaintinsa ansiosta my\u00f6s hyvien kulkuyhteyksien varrella ja paikalle p\u00e4\u00e4see helposti julkisen liikenteen avulla. Urheiluhallit Oy:ll\u00e4 on k\u00e4yt\u00f6ss\u00e4\u00e4n Ekokompassi-ymp\u00e4rist\u00f6j\u00e4rjestelm\u00e4, jonka avulla yritys pyrkii minimoimaan toimintansa ymp\u00e4rist\u00f6vaikutuksia.<br><br>Lue lis\u00e4\u00e4 Urheilutalon omasta ymp\u00e4rist\u00f6ohjelmasta. <a href=\"https:\/\/www.urheiluhallit.fi\/fi\/etusivu\/yritysesittely-alapalkki\/ymparisto.html\" target=\"_blank\" rel=\"noopener\" title=\"\">https:\/\/www.urheiluhallit.fi\/fi\/etusivu\/yritysesittely-alapalkki\/ymparisto.html<\/a><br><\/p>\n\n\n\n<p><strong>Energia<\/strong><br>Tapahtumassa hy\u00f6dynnet\u00e4\u00e4n Helsingin Urheilutalolta saatavaa s\u00e4hk\u00f6\u00e4 (verkkovirtaa). Urheiluhallit Oy k\u00e4ytt\u00e4\u00e4 toiminnassaan tuulivoimalla tuotettua energiaa, joten tapahtumassa k\u00e4ytetty s\u00e4hk\u00f6 on alkuper\u00e4lt\u00e4\u00e4n hiilineutraalia. Energian s\u00e4\u00e4st\u00e4miseksi tiloissa suositaan LED-lamppuja sek\u00e4 k\u00e4ytt\u00f6astetta mukailevia ilmastointilaitteita.<br><\/p>\n\n\n\n<p><strong>J\u00e4tehuolto<\/strong><br>Tapahtumapaikan j\u00e4tehuollossa seurataan Urheiluhallit Oy:n k\u00e4ytt\u00e4m\u00e4\u00e4 Ekokompassi-j\u00e4rjestelm\u00e4\u00e4. Urheilutalon kiinteist\u00f6ss\u00e4 ker\u00e4t\u00e4\u00e4n sekaj\u00e4tteen lis\u00e4ksi bioj\u00e4tett\u00e4, ker\u00e4yspaperia, pahvia, kartonkia sek\u00e4 muovia. Kattavalla kierr\u00e4tyksell\u00e4 voidaan osaltaan pienent\u00e4\u00e4 j\u00e4tteist\u00e4 aiheutuvaa ymp\u00e4rist\u00f6kuormaa. Kierr\u00e4tyksen edist\u00e4miseksi tapahtumapaikalla olevat ker\u00e4ysastiat merkit\u00e4\u00e4n huolellisesti ja astioita varataan riitt\u00e4v\u00e4sti.<br>Tilaisuuteen ei odoteta samanaikaisesti yli 500 osallistujaa, joten erillist\u00e4 j\u00e4tehuoltosuunnitelmaa ei lain puitteissa tarvitse laatia. GeeBee-turnauksen vapaaehtoiset avustavat tapahtumapaikan siivouksessa tarpeen mukaan ja huolehtivat sis\u00e4ll\u00e4 olevien j\u00e4teastioiden tyhjennyksest\u00e4 tapahtuman aikana. Vapaaehtoisista yksi toimii tilaisuuden ymp\u00e4rist\u00f6vastaavana. Varsinaisesta loppusiivouksesta vastaa Urheiluhallit Oy.<br><\/p>\n\n\n\n<p><strong>Liikkuminen<\/strong><br>GeeBee-turnauksen tapahtumapaikkana toimivan Urheilutalo sijaitsee hyvien kulkuyhteyksien varrella Helsingin Kalliossa. Paikalle on helppo saapua julkisilla liikennev\u00e4lineill\u00e4, mik\u00e4 kannustaa v\u00e4h\u00e4p\u00e4\u00e4st\u00f6isemp\u00e4\u00e4n liikkumiseen. S\u00f6rn\u00e4isten metroasemalta on Urheilutalolle noin 10 minuutin k\u00e4velymatka. Lis\u00e4ksi raitiovaunut pys\u00e4htyv\u00e4t hallin l\u00e4heisyydess\u00e4. Autoille alueelta l\u00f6ytyy ainoastaan katupys\u00e4k\u00f6inti, mik\u00e4 tekee julkisista liikennev\u00e4lineist\u00e4 entist\u00e4 vaivattomamman vaihtoehdon. Tapahtumapaikalta l\u00f6ytyy yksi esteet\u00f6n parkkipaikka Helsinginkatu 25:n sis\u00e4\u00e4nk\u00e4ynnin luota.<br><br>Tapahtumaan osallistuvat urheilijat ja taustajoukot majoittuvat Urheilutalon vieress\u00e4 sijaitsevassa Scandic Kalliossa. J\u00e4rjest\u00e4j\u00e4 vastaa ulkomaisten joukkueiden kuljetuksista edes takaisin my\u00f6s lentokent\u00e4lle.<br><\/p>\n\n\n\n<p><strong>Logistiikka<\/strong><br>Tapahtuman j\u00e4rjest\u00e4misest\u00e4 syntyy v\u00e4kisin p\u00e4\u00e4st\u00f6j\u00e4 henkil\u00f6liikenteen sek\u00e4 tavarankuljetusten muodossa. Logistiikasta syntyvi\u00e4 p\u00e4\u00e4st\u00f6j\u00e4 pyrit\u00e4\u00e4n pienent\u00e4m\u00e4\u00e4n huolellisella reittisuunnittelulla, jolla pyrit\u00e4\u00e4n v\u00e4ltt\u00e4m\u00e4\u00e4n turhia ajokeikkoja sek\u00e4 maksimoimaan olemassa olevan kuljetuskapasiteetin ajokohtainen hy\u00f6dynt\u00e4minen.<br><\/p>\n\n\n\n<p><strong>Hankinnat<\/strong><br>Hankimme vain tarpeellisen ja vastuullisesti. Kaikkien hankintojen osalta perusperiaate ja l\u00e4ht\u00f6kohta on hankinnan tarpeellisuus. Tarpeettomia hankintoja tulee v\u00e4ltt\u00e4\u00e4. N\u00e4in v\u00e4henn\u00e4mme paitsi hankintojen aiheuttamaa ymp\u00e4rist\u00f6kuormaa, my\u00f6s rahan k\u00e4ytt\u00f6\u00e4.<br><br>Kilpailijoille luovutettavien palkintojen sek\u00e4 muiden jaettavien promotuotteidemme tulee olla k\u00e4ytt\u00f6tavaroita, joita palkinnon tai tuotteen saaja voi aidosti hy\u00f6dynt\u00e4\u00e4.<br><\/p>\n\n\n\n<p><strong>Majoitus ja ruokailut<\/strong><br>Majoitus ja ruokailut j\u00e4rjestet\u00e4\u00e4n mahdollisimman l\u00e4hell\u00e4 kilpailupaikkaa, jolloin minimoimme tapahtumapaikan, majoituksen ja ruokailuiden v\u00e4liset siirtym\u00e4t. K\u00e4yt\u00e4nn\u00f6ss\u00e4 t\u00e4m\u00e4 tarkoittaa sit\u00e4, ett\u00e4 kisap\u00e4ivin\u00e4 urheilijoiden ja joukkueiden kaikki ruokailut tarjoillaan Scandic Kalliossa, joka sijaitsee samassa rakennuksessa kisapaikan kanssa. N\u00e4in ollen ruokailuja varten ei tarvitse liikkua muuten kuin k\u00e4vellen.<\/p>\n\n\n<div class=\"wp-block-image\">\n<figure class=\"aligncenter size-full\"><img loading=\"lazy\" decoding=\"async\" width=\"600\" height=\"314\" src=\"https:\/\/tul.fi\/geebee\/wp-content\/uploads\/sites\/13\/2023\/04\/taustakuva-suek-1.png\" alt=\"\" class=\"wp-image-894\" srcset=\"https:\/\/tul.fi\/geebee\/wp-content\/uploads\/sites\/13\/2023\/04\/taustakuva-suek-1.png 600w, https:\/\/tul.fi\/geebee\/wp-content\/uploads\/sites\/13\/2023\/04\/taustakuva-suek-1-300x157.png 300w\" sizes=\"auto, (max-width: 600px) 100vw, 600px\" \/><\/figure>\n<\/div>\n\n\n<h3 class=\"wp-block-heading\">Antidoping<\/h3>\n\n\n\n<p>Suomen Ty\u00f6v\u00e4en Urheiluliitto TUL ry:n alaisessa toiminnassa on dopingin k\u00e4ytt\u00f6 ehdottomasti kielletty\u00e4.<\/p>\n\n\n\n<p>Antidoping-ohjelman osalta liitto noudattaa Suomen urheilun eettisen keskuksen SUEK ry:n m\u00e4\u00e4rittelemi\u00e4 ohjeistuksia.<\/p>\n\n\n\n<p>Kiellettyihin aineisiin ja menetelmiin voi tutustua SUEK:n sivuilla. Urheilija on aina itse vastuussa k\u00e4ytt\u00e4mist\u00e4\u00e4n aineista, eik\u00e4 tiet\u00e4m\u00e4tt\u00f6myys ole hyv\u00e4ksytt\u00e4v\u00e4 syy dopingrikkomukseen. Jokaisella on oikeus ja velvollisuus ilmoittaa ep\u00e4ilem\u00e4st\u00e4\u00e4n doping-, kilpailumanipulaatio- tai katsomoturvallisuusrikkomuksesta tai muusta eettist\u00e4 rikkomuksesta urheilussa. Ilmoituksen voi tehd\u00e4 SUEK:lle osoitteessa ilmo.suek.fi omalla nimell\u00e4 tai nimett\u00f6m\u00e4sti.<\/p>\n\n\n\n<h3 class=\"wp-block-heading\">Kilpailumanipulaatio<\/h3>\n\n\n\n<p>Kilpailumanipulaatiolla tarkoitetaan j\u00e4rjestely\u00e4 tai toimenpidett\u00e4, jolla pyrit\u00e4\u00e4n vaikuttamaan ottelun tai kilpailun kulkuun tai lopputulokseen. Yleisesti ottaen kilpailumanipulaatio voidaan jakaa vedonly\u00f6ntiperusteiseen ja urheiluperusteiseen manipulaatioon. Vedonly\u00f6ntiperusteisessa manipulaatiossa tavoitteena on taloudellisen tuoton saaminen vedonly\u00f6nnin avulla. Urheiluperusteisessa manipulaatiossa taas kysymys on kilpailullisen edun saavuttamisesta ep\u00e4rehellisin keinoin.<br><br>Euroopan neuvoston kilpailumanipulaation vastaisen yleissopimuksen p\u00e4\u00e4tavoitteena on urheilukilpailujen manipuloinnin ehk\u00e4iseminen, tunnistaminen ja rankaiseminen. Urheilutoimijoiden v\u00e4list\u00e4 yhteisty\u00f6t\u00e4 pyrit\u00e4\u00e4n kehitt\u00e4m\u00e4\u00e4n kansallisesti ja kansainv\u00e4lisesti urheilukilpailujen manipuloinnin torjumiseksi. Tavoitteiden my\u00f6t\u00e4 pyrit\u00e4\u00e4n suojelemaan urheilun rehellisyytt\u00e4 ja etiikkaa.<br><br>Kilpailumanipulaatio on Suomen Nyrkkeilyliiton toimintas\u00e4\u00e4nt\u00f6jen 7\u00a7 perusteella kielletty: \u201dLiitto, sen j\u00e4senet ja j\u00e4senten j\u00e4senet sitoutuvat kaikin keinoin ehk\u00e4isem\u00e4\u00e4n kilpailutulosten tai -tapahtumien manipulointia. Liiton ja sen j\u00e4senten toimintaan osallistuvat henkil\u00f6t, jotka ovat velvollisia noudattamaan n\u00e4it\u00e4 s\u00e4\u00e4nt\u00f6j\u00e4 seuraj\u00e4senyytens\u00e4 tai muiden j\u00e4rjestelyiden kautta, eiv\u00e4t saa itse tai edustajansa kautta ly\u00f6d\u00e4 vetoa tai muilla tavoin osallistua tai vaikuttaa vedonly\u00f6ntiin oman kilpailunsa kilpailutapahtumista.\u201d<br><br>Nyrkkeilyliiton kilpailus\u00e4\u00e4nt\u00f6jen mukaan seuralla, urheilijalla, valmentajalla sek\u00e4 muulla toimitsijalla on v\u00e4lit\u00f6n tiedonantovelvollisuus Nyrkkeilyliittoon sellaisissa yhteydenotoissa, joissa rahaa tai muita etuuksia tarjoamalla tai muulla tavalla pyrit\u00e4\u00e4n vaikuttamaan ottelun lopputulokseen tai pelitapahtumiin. Mik\u00e4li sinulle ehdotetaan kilpailumanipulaatiota tai havaitset t\u00e4llaista toimintaa, toimi n\u00e4in:<\/p>\n\n\n\n<ol class=\"wp-block-list\">\n<li>Tunnista tai havaitse tapahtunut kilpailumanipulaatioyritys. Kielt\u00e4ydy kohteliaasti, mutta p\u00e4\u00e4tt\u00e4v\u00e4isesti.<\/li>\n\n\n\n<li>Kerro ehdotuksesta tai havaitsemastasi mahdollisesta rikkomuksesta, Geebee-turnauksen johtajalle Tomi Korpiselle, Nyrkkeilyliiton kilpailumanipulaation torjuntaohjelman vastuuhenkil\u00f6lle (toiminnanjohtaja) tai SUEK:lle. Voit my\u00f6s ilmoittaa tiedoistasi halutessasi anonyymisti SUEK:n ILMO-palvelun kautta (<a href=\"https:\/\/ilmo.suek.fi\" target=\"_blank\" rel=\"noopener\" title=\"linkki ILMO-palveluun\">linkki ILMO-palveluun<\/a>).<\/li>\n\n\n\n<li>S\u00e4ilyt\u00e4 kaikki saamasi tiedot, kuten esimerkiksi sinulle l\u00e4hetetyt viestit. Voit s\u00e4ilytt\u00e4\u00e4 tietoja esimerkiksi kuvakaappausten avulla. Niit\u00e4 voidaan my\u00f6hemmin hy\u00f6dynt\u00e4\u00e4 tapauksen selvitt\u00e4misess\u00e4 tai mahdollisena todistusaineistona\n<ul class=\"wp-block-list\">\n<li><\/li>\n<\/ul>\n<\/li>\n<\/ol>\n\n\n<div class=\"wp-block-image\">\n<figure class=\"aligncenter size-full\"><img loading=\"lazy\" decoding=\"async\" width=\"600\" height=\"314\" src=\"https:\/\/tul.fi\/geebee\/wp-content\/uploads\/sites\/13\/2023\/04\/taustakuva-esteeton-kopio.png\" alt=\"\" class=\"wp-image-896\" srcset=\"https:\/\/tul.fi\/geebee\/wp-content\/uploads\/sites\/13\/2023\/04\/taustakuva-esteeton-kopio.png 600w, https:\/\/tul.fi\/geebee\/wp-content\/uploads\/sites\/13\/2023\/04\/taustakuva-esteeton-kopio-300x157.png 300w\" sizes=\"auto, (max-width: 600px) 100vw, 600px\" \/><\/figure>\n<\/div>\n\n\n<h3 class=\"wp-block-heading\">Esteett\u00f6myys<\/h3>\n\n\n\n<p>GeeBee-turnaus j\u00e4rjestet\u00e4\u00e4n Helsingin Urheilutalon palloilusalissa, jonne on esteet\u00f6n k\u00e4ynti hissill\u00e4. Avustajille on ilmainen sis\u00e4\u00e4np\u00e4\u00e4sy. Urheilutalon p\u00e4\u00e4oven vieress\u00e4 sijaitsee esteet\u00f6n pys\u00e4k\u00f6intipaikka. Urheiluhallissa ei ole induktiosilmukkaa.<br><br>Kisoissa on varattu paikat lattiatason katsomosta py\u00f6r\u00e4tuolilla liikkuville sek\u00e4 heid\u00e4n avustajilleen. Kulkuv\u00e4yl\u00e4t katsomoon noudattavat min. 900 mm v\u00e4himm\u00e4isleveysvaatimusta. Ymp\u00e4rist\u00f6vastaavamme huolehtii, ett\u00e4 kulkureitit pysyv\u00e4t esteett\u00f6min\u00e4. Porrastettu katsomo ei ole esteet\u00f6n.<br><br>Hallitasossa sijaitsevat my\u00f6s kisojen palvelut. Kolmannen kerroksen WC ei ole t\u00e4ysin esteet\u00f6n. Kulku alakertaan tapahtuu hissill\u00e4.<br><br>Lis\u00e4tietoja Urheilutalon esteett\u00f6myydest\u00e4 voi tiedustella Urheilutalon asiakaspalvelusta: (09) 3488 6450<\/p>\n\n\n\n<h3 class=\"wp-block-heading\">Ep\u00e4asiallinen k\u00e4ytt\u00e4ytyminen ja h\u00e4irint\u00e4<\/h3>\n\n\n\n<p>GeeBee-turnauksessa on nollatoleranssi kaikenlaiselle h\u00e4irinn\u00e4lle ja ep\u00e4asialliselle k\u00e4ytt\u00e4ytymiselle. Osallistumalla tapahtumaan sitoudut toimimaan TUL ry:n eettisen ohjeiston mukaisesti (<a href=\"https:\/\/tul.fi\/wp-content\/uploads\/2023\/04\/TULn-eettinen-ohjeisto-2023.pdf\" target=\"_blank\" rel=\"noopener\" title=\"linkki eettiseen ohjeistoon\">linkki eettiseen ohjeistoon<\/a>).<br>Tapahtumassa on paikan p\u00e4\u00e4ll\u00e4 koko tapahtuman ajan kaksi nimetty\u00e4 h\u00e4irint\u00e4yhdyshenkil\u00f6\u00e4. H\u00e4irint\u00e4yhdyshenkil\u00f6t toimivat matalan kynnyksen tukihenkil\u00f6in\u00e4 h\u00e4irint\u00e4\u00e4 tai ep\u00e4asiallista k\u00e4ytt\u00e4ytymist\u00e4 kohdanneelle tai havainneelle henkil\u00f6lle. H\u00e4irint\u00e4yhdyshenkil\u00f6iden yhteystiedot julkaistaan t\u00e4ll\u00e4 sivulla ennen tapahtuman alkua. Lis\u00e4ksi tapahtumassa noudatetaan yhteisi\u00e4 turvallisemman tilan periaatteita, jotka p\u00e4ivitet\u00e4\u00e4n turnauksen verkkosivuille.<br><br>Tapahtumassa on my\u00f6s k\u00e4yt\u00f6ss\u00e4 matalan kynnyksen ep\u00e4asiallisen k\u00e4yt\u00f6ksen ilmoituskanava. Ilmoituskanavana toimii h\u00e4irinn\u00e4st\u00e4 ilmoittamisen lomake, jonka voit t\u00e4ytt\u00e4\u00e4 joko anonyymisti taikka omalla nimell\u00e4. Kannustammekin ilmoittamaan matalalla kynnyksell\u00e4 kaikenlaisesta ep\u00e4asiallisest\u00e4 k\u00e4ytt\u00e4ytymisest\u00e4. <br><br>L\u00f6yd\u00e4t matalan kynnyksen ilmoituskanavan oheisen linkin kautta (<a href=\"https:\/\/link.webropolsurveys.com\/Participation\/Public\/f51c445e-4cb9-4122-9900-4ffca4f194af?displayId=Fin2580409\" target=\"_blank\" rel=\"noopener\" title=\"linkki h\u00e4irint\u00e4ilmoituslomakkeelle\">linkki h\u00e4irint\u00e4ilmoituslomakkeelle<\/a>).<\/p>\n\n\n\n<p>Voit ilmoittaa ep\u00e4asiallisesta k\u00e4ytt\u00e4ytymisest\u00e4 tai h\u00e4irinn\u00e4st\u00e4 my\u00f6s <strong>Et ole yksin -palveluun<\/strong>. Et ole yksin on V\u00e4est\u00f6liiton palvelu, jonka tavoitteena on v\u00e4hent\u00e4\u00e4 ja ennaltaehk\u00e4ist\u00e4 ep\u00e4asiallista k\u00e4yt\u00f6st\u00e4 ja h\u00e4irint\u00e4\u00e4 urheilussa. Palvelun kautta on saatavilla apua ja tukea tilanteen eteenp\u00e4in viemiseen.<br><br>Tutustu palveluun oheisen linkin kautta (<a href=\"https:\/\/www.etoleyksin.fi\" target=\"_blank\" rel=\"noopener\" title=\"linkki Et ole yksin -sivustolle\">linkki Et ole yksin -sivustolle<\/a>).  <\/p>\n\n\n\n<p><strong>Kuinka toimia tilanteessa, kun havaitset tai kohtaat ep\u00e4asiallista k\u00e4ytt\u00e4ytymist\u00e4?<\/strong><\/p>\n\n\n\n<ol class=\"wp-block-list\">\n<li>Puutu h\u00e4irint\u00e4\u00e4n ja kerro h\u00e4iritsij\u00e4lle, ett\u00e4 h\u00e4nen k\u00e4yt\u00f6ksens\u00e4 tuntuu ik\u00e4v\u00e4lt\u00e4 ja pyyd\u00e4 h\u00e4nt\u00e4 lopettamaan<\/li>\n\n\n\n<li>Voit my\u00f6s poistua tilanteesta<\/li>\n\n\n\n<li>Huom. \u00e4l\u00e4 j\u00e4t\u00e4 kaveria yksin! Auta kaveria poistumaan tilanteesta.<\/li>\n\n\n\n<li>Kirjaa tapahtumat<\/li>\n\n\n\n<li>Kerro tilanteesta toiselle henkil\u00f6lle.<\/li>\n\n\n\n<li>Ota yhteytt\u00e4:<br>a. Tapahtuman j\u00e4rjest\u00e4j\u00e4\u00e4n\/h\u00e4irint\u00e4yhdyshenkil\u00f6\u00f6n<br>b. Et ole yksin -palveluun<br>c. T\u00e4yt\u00e4 h\u00e4irint\u00e4lomake<\/li>\n<\/ol>\n","protected":false},"excerpt":{"rendered":"<p>Vastuullisuus turnauksessa GeeBee-turnauksessa 10.-13.4.2025 noudatetaan soveltuvin osin Suomen Ty\u00f6v\u00e4en Urheiluliitto TUL ry:n m\u00e4\u00e4rittelemi\u00e4 eettist\u00e4 ohjeistoa, tasa-arvo- ja yhdenvertaisuusohjelmaa sek\u00e4 ymp\u00e4rist\u00f6- ja ilmastovastuullisuusohjelmaa. Yll\u00e4 mainittujen ohjelmien ja ohjeiston lis\u00e4ksi t\u00e4m\u00e4n vastuullisuusohjelman luomisessa on hy\u00f6dynnetty Suomen Nyrkkeilyliitto ry:n sek\u00e4 Suomen urheilun eettinen keskus SUEK ry:n ohjeistuksia sek\u00e4 m\u00e4\u00e4r\u00e4yksi\u00e4. Ymp\u00e4rist\u00f6 ja ilmasto TapahtumapaikkaTapahtumapaikkana toimii Kalliossa sijaitseva Helsingin Urheilutalo [&hellip;]<\/p>\n","protected":false},"author":22,"featured_media":0,"parent":0,"menu_order":0,"comment_status":"closed","ping_status":"closed","template":"","meta":{"_acf_changed":false,"footnotes":""},"class_list":["post-867","page","type-page","status-publish","hentry"],"acf":[],"aioseo_notices":[],"_links":{"self":[{"href":"https:\/\/tul.fi\/geebee\/wp-json\/wp\/v2\/pages\/867","targetHints":{"allow":["GET"]}}],"collection":[{"href":"https:\/\/tul.fi\/geebee\/wp-json\/wp\/v2\/pages"}],"about":[{"href":"https:\/\/tul.fi\/geebee\/wp-json\/wp\/v2\/types\/page"}],"author":[{"embeddable":true,"href":"https:\/\/tul.fi\/geebee\/wp-json\/wp\/v2\/users\/22"}],"replies":[{"embeddable":true,"href":"https:\/\/tul.fi\/geebee\/wp-json\/wp\/v2\/comments?post=867"}],"version-history":[{"count":12,"href":"https:\/\/tul.fi\/geebee\/wp-json\/wp\/v2\/pages\/867\/revisions"}],"predecessor-version":[{"id":1205,"href":"https:\/\/tul.fi\/geebee\/wp-json\/wp\/v2\/pages\/867\/revisions\/1205"}],"wp:attachment":[{"href":"https:\/\/tul.fi\/geebee\/wp-json\/wp\/v2\/media?parent=867"}],"curies":[{"name":"wp","href":"https:\/\/api.w.org\/{rel}","templated":true}]}}