{"id":38,"date":"2020-12-08T15:56:57","date_gmt":"2020-12-08T13:56:57","guid":{"rendered":"http:\/\/tul-kopio.16.testivedos.com\/jarvi-suomi\/?page_id=38"},"modified":"2026-02-04T14:11:39","modified_gmt":"2026-02-04T12:11:39","slug":"seuroille","status":"publish","type":"page","link":"https:\/\/tul.fi\/hame\/seuroille\/","title":{"rendered":"Seuroille"},"content":{"rendered":"\n<div class=\"wp-block-group is-layout-flex wp-block-group-is-layout-flex\">\n<div class=\"wp-block-group is-nowrap is-layout-flex wp-container-core-group-is-layout-ad2f72ca wp-block-group-is-layout-flex\">\n<div class=\"wp-block-buttons is-layout-flex wp-block-buttons-is-layout-flex\">\n<div class=\"wp-block-button\"><a class=\"wp-block-button__link wp-element-button\" href=\"#seurakirje\">Seurakirje<\/a><\/div>\n<\/div>\n\n\n\n<div class=\"wp-block-columns is-layout-flex wp-container-core-columns-is-layout-9d6595d7 wp-block-columns-is-layout-flex\">\n<div class=\"wp-block-column is-layout-flow wp-block-column-is-layout-flow\" style=\"flex-basis:100%\">\n<div class=\"wp-block-buttons is-layout-flex wp-block-buttons-is-layout-flex\">\n<div class=\"wp-block-button\"><a class=\"wp-block-button__link wp-element-button\" href=\"#pulssikysely\">Seuran Pulssi-kysely<\/a><\/div>\n<\/div>\n<\/div>\n<\/div>\n<\/div>\n\n\n\n<div class=\"wp-block-buttons is-layout-flex wp-block-buttons-is-layout-flex\">\n<div class=\"wp-block-button\"><a class=\"wp-block-button__link wp-element-button\" href=\"#koulutus\">Koulutus<\/a><\/div>\n<\/div>\n\n\n\n<div class=\"wp-block-buttons is-layout-flex wp-block-buttons-is-layout-flex\">\n<div class=\"wp-block-button\"><a class=\"wp-block-button__link wp-element-button\" href=\"#tuet-avustukset\">Tuet ja avustukset<\/a><\/div>\n<\/div>\n\n\n\n<div class=\"wp-block-buttons is-layout-flex wp-block-buttons-is-layout-flex\">\n<div class=\"wp-block-button\"><a class=\"wp-block-button__link wp-element-button\" href=\"#ansiomerkit\">Ansiomerkit<\/a><\/div>\n<\/div>\n\n\n\n<div class=\"wp-block-buttons is-layout-flex wp-block-buttons-is-layout-flex\">\n<div class=\"wp-block-button\"><a class=\"wp-block-button__link wp-element-button\" href=\"#jasenedut\">J\u00e4senedut<\/a><\/div>\n<\/div>\n\n\n\n<div class=\"wp-block-buttons is-layout-flex wp-block-buttons-is-layout-flex\">\n<div class=\"wp-block-button\"><a class=\"wp-block-button__link wp-element-button\" href=\"#saannot\">S\u00e4\u00e4nn\u00f6t<\/a><\/div>\n<\/div>\n<\/div>\n\n\n\n<h2 class=\"wp-block-heading\" id=\"seurakirje\">Seurakirje<\/h2>\n\n\n\n<p>TUL:n H\u00e4meen piiri l\u00e4hett\u00e4\u00e4 j\u00e4senseuroilleen seurakirjeen kuusi kertaa vuodessa. Liittym\u00e4ll\u00e4 postituslistallemme saat ajankohtaiset asiat s\u00e4hk\u00f6postiisi. Voit poistua listalta milloin haluat. <a href=\"https:\/\/tul-lv.creamailer.fi\/survey\/5ootjllvjijbg\" target=\"_blank\" rel=\"noopener\" title=\"\">Liity t\u00e4st\u00e4 postituslistalle<\/a><\/p>\n\n\n\n<div class=\"wp-block-columns is-layout-flex wp-container-core-columns-is-layout-9d6595d7 wp-block-columns-is-layout-flex\">\n<div class=\"wp-block-column is-layout-flow wp-block-column-is-layout-flow\" style=\"flex-basis:50%\">\n<p><a href=\"https:\/\/tul.creamailer.fi\/email\/6981d78056eea\" target=\"_blank\" rel=\"noopener\" title=\"\">Seurakirje 1\/2026<\/a><\/p>\n<\/div>\n\n\n\n<div class=\"wp-block-column is-layout-flow wp-block-column-is-layout-flow\" style=\"flex-basis:50%\">\n<p><a href=\"https:\/\/tul.creamailer.fi\/email\/69204039b4ee2\" target=\"_blank\" rel=\"noopener\" title=\"\">Seurakirje 7\/2025<\/a><br><a href=\"https:\/\/tul.creamailer.fi\/email\/68e35c8932d91\" target=\"_blank\" rel=\"noopener\" title=\"\">Seurakirje 6\/2025<\/a><br><a href=\"https:\/\/tul.creamailer.fi\/email\/68b0399b1f14b\" target=\"_blank\" rel=\"noopener\" title=\"\">Seurakirje 5\/2025<\/a><br><a href=\"https:\/\/tul.creamailer.fi\/email\/689b064d18797\" target=\"_blank\" rel=\"noopener\" title=\"\">Seurakirje 4\/2025<\/a><br><a href=\"https:\/\/tul.creamailer.fi\/email\/685137cdaf3e1\" target=\"_blank\" rel=\"noopener\" title=\"\">Seurakirje 3\/2025<\/a><br><a href=\"https:\/\/tul.creamailer.fi\/email\/67f3ad367f8a2\" target=\"_blank\" rel=\"noopener\" title=\"\">Seurakirje 2\/2025<\/a><br><a href=\"https:\/\/tul.creamailer.fi\/email\/67ab11fddc30f\" target=\"_blank\" rel=\"noopener\" title=\"\">Seurakirje 1\/2025<\/a><\/p>\n<\/div>\n<\/div>\n\n\n\n<h2 class=\"wp-block-heading\" id=\"pulssikysely\">Seuran Pulssi-kysely<\/h2>\n\n\n\n<p>Seilaako seuranne pinnalla vai sukeltaako se kohti pohjaa?<\/p>\n\n\n\n<p>T\u00e4yt\u00e4 TUL:n laatima Seuran Pulssi-kysely, ja kartoita seuranne nykytilanne. Kysely on helppo t\u00e4ytt\u00e4\u00e4 ja se antaa lyhyen analyysin seuranne nykytilasta. Samalla kyselyn kautta on helppo kartoittaa seuran kehittymiskohteita.<\/p>\n\n\n\n<p>Vastattuanne kyselyyn vastaukset tulevat my\u00f6s suoraan piirin toiminnanjohtajalle. Toiminnanjohtaja k\u00e4y vastaukset l\u00e4pi, ja on seuraan yhteydess\u00e4 kuukauden sis\u00e4ll\u00e4. T\u00e4ll\u00f6in voimme yhdess\u00e4 purkaa viel\u00e4 seuran tilannetta sek\u00e4 asettaa seuralle eri tasoisia kehittymistavoitteita.<\/p>\n\n\n\n<p><a href=\"https:\/\/link.webropolsurveys.com\/Participation\/Public\/d7b45ac0-37bc-42eb-977c-d4f5753effaf?displayId=Fin3129362\" target=\"_blank\" rel=\"noopener\" title=\"\">Siirry Pulssi-kyselyyn t\u00e4st\u00e4<\/a><\/p>\n\n\n\n<h2 class=\"wp-block-heading\" id=\"koulutus\">Koulutus<\/h2>\n\n\n\n<p class=\"has-large-font-size\"><a href=\"https:\/\/tulkouluttaa.fi\/login\/index.php\" target=\"_blank\" rel=\"noreferrer noopener\">TULkouluttaa.fi<\/a><\/p>\n\n\n\n<p>Verkkokoulutusalustaltamme l\u00f6yd\u00e4t kymmenitt\u00e4in koulutuksia niin seuran viestint\u00e4\u00e4n ja markkinointiin kuin tasa-arvo- ja yhdenvertaisuusty\u00f6h\u00f6n. Lis\u00e4ksi koulutusalustalta l\u00f6yd\u00e4t seminaareja ja webinaareja erilaisista liikunta- ja urheiluaiheista.<\/p>\n\n\n\n<p><a href=\"https:\/\/tulkouluttaa.fi\/login\/index.php\" target=\"_blank\" rel=\"noreferrer noopener\">Siirry verkkokoulutusalustalle<\/a><\/p>\n\n\n\n<p>Verkkokoulutuksen lis\u00e4ksi j\u00e4rjest\u00e4mme ajankohtaisia webinaareja sek\u00e4 avoimia l\u00e4hikoulutuksia seurojen j\u00e4senille, ohjaajille, vertaisohjaajille sek\u00e4 valmentajille. Seuralla on mahdollisuus my\u00f6s tilata erilaista l\u00e4hikoulutusta. Koulutus voidaan toteuttaa alueellisesti sek\u00e4 piiri- ett\u00e4 seurakohtaisesti.<\/p>\n\n\n\n<h2 class=\"wp-block-heading\" id=\"tuet-avustukset\">Tuet ja avustukset<\/h2>\n\n\n\n<p>Annamme informaatiota, ja opastamme seuroja erilaisten rahoitusavustusten hakemisessa. <br><a href=\"https:\/\/tul.fi\/jasenille\/seurapalvelut\/tuet-ja-avustukset\/\" target=\"_blank\" rel=\"noopener\" title=\"\">Tietoa apurahojen my\u00f6nt\u00e4jist\u00e4 l\u00f6yd\u00e4t t\u00e4\u00e4lt\u00e4.<\/a><\/p>\n\n\n\n<p>Mik\u00e4li sinulla on kysytt\u00e4v\u00e4\u00e4 tai kaipaat apua, ole yhteydess\u00e4 piirin toiminnanjohtajaan tai liikuntap\u00e4\u00e4llikk\u00f6 Antti Kempakseen (antti.kempas@tul.fi, 050 337 5942), joka auttaa teit\u00e4 kaikissa tukiin ja avustuksiin liittyviss\u00e4 asioissa.<\/p>\n\n\n\n<h2 class=\"wp-block-heading\" id=\"ansiomerkit\">Ansiomerkit<\/h2>\n\n\n\n<div class=\"wp-block-columns is-layout-flex wp-container-core-columns-is-layout-9d6595d7 wp-block-columns-is-layout-flex\">\n<div class=\"wp-block-column is-layout-flow wp-block-column-is-layout-flow\">\n<h3 class=\"wp-block-heading\">TUL:n kultainen ansiomerkki<\/h3>\n\n\n\n<p>Ansiomerkki my\u00f6nnet\u00e4\u00e4n vuosittain TUL:n p\u00e4iv\u00e4n\u00e4 26.1. Hallitus p\u00e4\u00e4tt\u00e4\u00e4 merkkien my\u00f6nt\u00e4misest\u00e4 seurojen l\u00e4hett\u00e4mien esitysten perusteella.<\/p>\n\n\n\n<p><a href=\"https:\/\/tul.fi\/wp-content\/uploads\/2018\/03\/kultainen-ansiomerkki.pdf\" target=\"_blank\" rel=\"noreferrer noopener\">My\u00f6nt\u00e4misperusteet<\/a><br><a href=\"https:\/\/tul.fi\/wp-content\/uploads\/2018\/03\/Ansiomerkkien-anomuslomake.pdf\" target=\"_blank\" rel=\"noreferrer noopener\">Hakulomake<\/a><\/p>\n<\/div>\n\n\n\n<div class=\"wp-block-column is-layout-flow wp-block-column-is-layout-flow\">\n<h3 class=\"wp-block-heading\">TUL:n kultainen seuraty\u00f6 -ansiomerkki<\/h3>\n\n\n\n<p>Kultainen Seuraty\u00f6 -ansiomerkki my\u00f6nnet\u00e4\u00e4n TUL:n p\u00e4iv\u00e4n\u00e4 26.1. Ansiomerkki\u00e4 jaetaan vuosittain 60 kappaletta. Juhlavuotena merkki\u00e4 voidaan my\u00f6nt\u00e4\u00e4 poikkeava m\u00e4\u00e4r\u00e4.<\/p>\n\n\n\n<p><a href=\"https:\/\/tul.fi\/wp-content\/uploads\/2018\/03\/kultainen-seuraty%C3%B6n-ansiomerkki.pdf\" target=\"_blank\" rel=\"noreferrer noopener\">My\u00f6nt\u00e4misperusteet<\/a><br><a href=\"https:\/\/tul.fi\/wp-content\/uploads\/2018\/03\/Ansiomerkkien-anomuslomake.pdf\" target=\"_blank\" rel=\"noreferrer noopener\">Hakulomake<\/a><\/p>\n<\/div>\n<\/div>\n\n\n\n<h2 class=\"wp-block-heading\" id=\"jasenedut\">J\u00e4senedut<\/h2>\n\n\n\n<p>Tarjoamme kattavia etuja urheiluseuroille ja sen j\u00e4senille! J\u00e4senseuramme ovat oikeutettuja liiton ja piiritoimistojemme asiantuntijapalveluihin sek\u00e4 yhteisty\u00f6kumppaneidemme tarjoamiin lukuisiin j\u00e4senetuihin!&nbsp;<a href=\"https:\/\/tul.fi\/jasenille\/jasenedut\/\" target=\"_blank\" rel=\"noreferrer noopener\">Tutustu j\u00e4senetuihin t\u00e4\u00e4lt\u00e4<\/a>.<\/p>\n\n\n\n<h2 class=\"wp-block-heading\" id=\"saannot\">S\u00e4\u00e4nn\u00f6t<\/h2>\n\n\n\n<p><a href=\"https:\/\/tul.fi\/jasenille\/lomakkeet\/asiakirjamalleja\/\" target=\"_blank\" rel=\"noreferrer noopener\">Tutustu s\u00e4\u00e4nt\u00f6ihin t\u00e4\u00e4lt\u00e4<\/a><\/p>\n","protected":false},"excerpt":{"rendered":"<p>Seurakirje TUL:n H\u00e4meen piiri l\u00e4hett\u00e4\u00e4 j\u00e4senseuroilleen seurakirjeen kuusi kertaa vuodessa. Liittym\u00e4ll\u00e4 postituslistallemme saat ajankohtaiset asiat s\u00e4hk\u00f6postiisi. Voit poistua listalta milloin haluat. Liity t\u00e4st\u00e4 postituslistalle Seurakirje 1\/2026 Seurakirje 7\/2025Seurakirje 6\/2025Seurakirje 5\/2025Seurakirje 4\/2025Seurakirje 3\/2025Seurakirje 2\/2025Seurakirje 1\/2025 Seuran Pulssi-kysely Seilaako seuranne pinnalla vai sukeltaako se kohti pohjaa? T\u00e4yt\u00e4 TUL:n laatima Seuran Pulssi-kysely, ja kartoita seuranne nykytilanne. Kysely on [&hellip;]<\/p>\n","protected":false},"author":1,"featured_media":0,"parent":0,"menu_order":0,"comment_status":"closed","ping_status":"closed","template":"","meta":{"_acf_changed":false,"footnotes":""},"class_list":["post-38","page","type-page","status-publish","hentry"],"acf":[],"aioseo_notices":[],"_links":{"self":[{"href":"https:\/\/tul.fi\/hame\/wp-json\/wp\/v2\/pages\/38","targetHints":{"allow":["GET"]}}],"collection":[{"href":"https:\/\/tul.fi\/hame\/wp-json\/wp\/v2\/pages"}],"about":[{"href":"https:\/\/tul.fi\/hame\/wp-json\/wp\/v2\/types\/page"}],"author":[{"embeddable":true,"href":"https:\/\/tul.fi\/hame\/wp-json\/wp\/v2\/users\/1"}],"replies":[{"embeddable":true,"href":"https:\/\/tul.fi\/hame\/wp-json\/wp\/v2\/comments?post=38"}],"version-history":[{"count":41,"href":"https:\/\/tul.fi\/hame\/wp-json\/wp\/v2\/pages\/38\/revisions"}],"predecessor-version":[{"id":2018,"href":"https:\/\/tul.fi\/hame\/wp-json\/wp\/v2\/pages\/38\/revisions\/2018"}],"wp:attachment":[{"href":"https:\/\/tul.fi\/hame\/wp-json\/wp\/v2\/media?parent=38"}],"curies":[{"name":"wp","href":"https:\/\/api.w.org\/{rel}","templated":true}]}}