{"id":40,"date":"2020-12-08T15:57:09","date_gmt":"2020-12-08T13:57:09","guid":{"rendered":"http:\/\/tul-kopio.16.testivedos.com\/jarvi-suomi\/?page_id=40"},"modified":"2026-03-17T11:34:47","modified_gmt":"2026-03-17T09:34:47","slug":"yhteystiedot","status":"publish","type":"page","link":"https:\/\/tul.fi\/kymenlaakso-saimaa\/yhteystiedot\/","title":{"rendered":"Yhteystiedot"},"content":{"rendered":"\n<h2 class=\"wp-block-heading\">Kaakkois-Suomen piiri<\/h2>\n\n\n\n<div class=\"wp-block-columns is-layout-flex wp-container-core-columns-is-layout-9d6595d7 wp-block-columns-is-layout-flex\">\n<div class=\"wp-block-column is-layout-flow wp-block-column-is-layout-flow\">\n<p>jukka.vilkki@tul.fi<br>045 7731 1055<\/p>\n<\/div>\n\n\n\n<div class=\"wp-block-column is-layout-flow wp-block-column-is-layout-flow\">\n<p><strong>Jukka Vilkki,<br><\/strong>Toiminnanjohtaja, TUL Kaakkois-Suomen piiri<\/p>\n<\/div>\n<\/div>\n\n\n\n<h3 class=\"wp-block-heading\">Hallitus<\/h3>\n\n\n\n<div class=\"wp-block-columns is-layout-flex wp-container-core-columns-is-layout-9d6595d7 wp-block-columns-is-layout-flex\">\n<div class=\"wp-block-column is-layout-flow wp-block-column-is-layout-flow\">\n<p><strong>Puheenjohtaja<\/strong><br><strong>P\u00e4ivi Saarinen<\/strong><br>Popinniemen Isku<br>paivi.saarinen234(at)gmail.com&nbsp;<br>Erovuorossa 2026<\/p>\n<\/div>\n\n\n\n<div class=\"wp-block-column is-layout-flow wp-block-column-is-layout-flow\">\n<p><strong>Varapuheenjohtaja<\/strong><br><strong>Henri N\u00e4iv\u00e4<\/strong><br>LrTu ry<br>Erovuorossa 2027<\/p>\n\n\n\n<p><strong>Raimo Hokkanen&nbsp;<\/strong><br>Karhu Petankki<br>Erovuorossa 2027<\/p>\n\n\n\n<p><strong>Arto Holanti&nbsp;<\/strong><br>Haminan Ponteva<br>Erovuorossa 2026<\/p>\n\n\n\n<p><strong>Jarkko Hartikainen<\/strong><br>Tainionkosken T\u00e4hti<br>Erovuorossa 2027<\/p>\n\n\n\n<p><strong>Arimo Kolsi&nbsp;<\/strong><br>Popinniemen Isku<br>Erovuorossa 2026<\/p>\n\n\n\n<p><strong>Minna Tuukkanen<br><\/strong>Kuusankosken Puhti<br>Erovuorossa 2026<\/p>\n\n\n\n<p><strong>Tiia Walin&nbsp;<\/strong><br>Voikkaan Viesti<br>Erovuorossa 2027<\/p>\n\n\n\n<p><strong>Hanna Paavilainen&nbsp;<\/strong><br>Karhulan Urheilijat<br>Erovuorossa 2027<\/p>\n\n\n\n<p><strong>Risto Nikula&nbsp;<\/strong><br>Kotkan Ty\u00f6v\u00e4en Palloilijat<br>Erovuorossa 2026<\/p>\n<\/div>\n<\/div>\n\n\n\n<p><\/p>\n","protected":false},"excerpt":{"rendered":"<p>Kaakkois-Suomen piiri jukka.vilkki@tul.fi045 7731 1055 Jukka Vilkki,Toiminnanjohtaja, TUL Kaakkois-Suomen piiri Hallitus PuheenjohtajaP\u00e4ivi SaarinenPopinniemen Iskupaivi.saarinen234(at)gmail.com&nbsp;Erovuorossa 2026 VarapuheenjohtajaHenri N\u00e4iv\u00e4LrTu ryErovuorossa 2027 Raimo Hokkanen&nbsp;Karhu PetankkiErovuorossa 2027 Arto Holanti&nbsp;Haminan PontevaErovuorossa 2026 Jarkko HartikainenTainionkosken T\u00e4htiErovuorossa 2027 Arimo Kolsi&nbsp;Popinniemen IskuErovuorossa 2026 Minna TuukkanenKuusankosken PuhtiErovuorossa 2026 Tiia Walin&nbsp;Voikkaan ViestiErovuorossa 2027 Hanna Paavilainen&nbsp;Karhulan UrheilijatErovuorossa 2027 Risto Nikula&nbsp;Kotkan Ty\u00f6v\u00e4en PalloilijatErovuorossa 2026<\/p>\n","protected":false},"author":1,"featured_media":0,"parent":0,"menu_order":0,"comment_status":"closed","ping_status":"closed","template":"","meta":{"_acf_changed":false,"footnotes":""},"class_list":["post-40","page","type-page","status-publish","hentry"],"acf":[],"aioseo_notices":[],"_links":{"self":[{"href":"https:\/\/tul.fi\/kymenlaakso-saimaa\/wp-json\/wp\/v2\/pages\/40","targetHints":{"allow":["GET"]}}],"collection":[{"href":"https:\/\/tul.fi\/kymenlaakso-saimaa\/wp-json\/wp\/v2\/pages"}],"about":[{"href":"https:\/\/tul.fi\/kymenlaakso-saimaa\/wp-json\/wp\/v2\/types\/page"}],"author":[{"embeddable":true,"href":"https:\/\/tul.fi\/kymenlaakso-saimaa\/wp-json\/wp\/v2\/users\/1"}],"replies":[{"embeddable":true,"href":"https:\/\/tul.fi\/kymenlaakso-saimaa\/wp-json\/wp\/v2\/comments?post=40"}],"version-history":[{"count":13,"href":"https:\/\/tul.fi\/kymenlaakso-saimaa\/wp-json\/wp\/v2\/pages\/40\/revisions"}],"predecessor-version":[{"id":1583,"href":"https:\/\/tul.fi\/kymenlaakso-saimaa\/wp-json\/wp\/v2\/pages\/40\/revisions\/1583"}],"wp:attachment":[{"href":"https:\/\/tul.fi\/kymenlaakso-saimaa\/wp-json\/wp\/v2\/media?parent=40"}],"curies":[{"name":"wp","href":"https:\/\/api.w.org\/{rel}","templated":true}]}}

<h2 class="wp-block-heading">Kaakkois-Suomen piiri</h2>



<div class="wp-block-columns is-layout-flex wp-container-core-columns-is-layout-9d6595d7 wp-block-columns-is-layout-flex">
<div class="wp-block-column is-layout-flow wp-block-column-is-layout-flow">
<p>jukka.vilkki@tul.fi<br>045 7731 1055</p>
</div>



<div class="wp-block-column is-layout-flow wp-block-column-is-layout-flow">
<p><strong>Jukka Vilkki,<br></strong>Toiminnanjohtaja, TUL Kaakkois-Suomen piiri</p>
</div>
</div>



<h3 class="wp-block-heading">Hallitus</h3>



<div class="wp-block-columns is-layout-flex wp-container-core-columns-is-layout-9d6595d7 wp-block-columns-is-layout-flex">
<div class="wp-block-column is-layout-flow wp-block-column-is-layout-flow">
<p><strong>Puheenjohtaja</strong><br><strong>Päivi Saarinen</strong><br>Popinniemen Isku<br>paivi.saarinen234(at)gmail.com&nbsp;<br>Erovuorossa 2026</p>
</div>



<div class="wp-block-column is-layout-flow wp-block-column-is-layout-flow">
<p><strong>Varapuheenjohtaja</strong><br><strong>Henri Näivä</strong><br>LrTu ry<br>Erovuorossa 2027</p>



<p><strong>Raimo Hokkanen&nbsp;</strong><br>Karhu Petankki<br>Erovuorossa 2027</p>



<p><strong>Arto Holanti&nbsp;</strong><br>Haminan Ponteva<br>Erovuorossa 2026</p>



<p><strong>Jarkko Hartikainen</strong><br>Tainionkosken Tähti<br>Erovuorossa 2027</p>



<p><strong>Arimo Kolsi&nbsp;</strong><br>Popinniemen Isku<br>Erovuorossa 2026</p>



<p><strong>Minna Tuukkanen<br></strong>Kuusankosken Puhti<br>Erovuorossa 2026</p>



<p><strong>Tiia Walin&nbsp;</strong><br>Voikkaan Viesti<br>Erovuorossa 2027</p>



<p><strong>Hanna Paavilainen&nbsp;</strong><br>Karhulan Urheilijat<br>Erovuorossa 2027</p>



<p><strong>Risto Nikula&nbsp;</strong><br>Kotkan Työväen Palloilijat<br>Erovuorossa 2026</p>
</div>
</div>



<p></p>

<p>Kaakkois-Suomen piiri jukka.vilkki@tul.fi045 7731 1055 Jukka Vilkki,Toiminnanjohtaja, TUL Kaakkois-Suomen piiri Hallitus PuheenjohtajaPäivi SaarinenPopinniemen Iskupaivi.saarinen234(at)gmail.com&nbsp;Erovuorossa 2026 VarapuheenjohtajaHenri NäiväLrTu ryErovuorossa 2027 Raimo Hokkanen&nbsp;Karhu PetankkiErovuorossa 2027 Arto Holanti&nbsp;Haminan PontevaErovuorossa 2026 Jarkko HartikainenTainionkosken TähtiErovuorossa 2027 Arimo Kolsi&nbsp;Popinniemen IskuErovuorossa 2026 Minna TuukkanenKuusankosken PuhtiErovuorossa 2026 Tiia Walin&nbsp;Voikkaan ViestiErovuorossa 2027 Hanna Paavilainen&nbsp;Karhulan UrheilijatErovuorossa 2027 Risto Nikula&nbsp;Kotkan Työväen PalloilijatErovuorossa 2026</p>
