{"id":2,"date":"2020-12-08T15:33:49","date_gmt":"2020-12-08T13:33:49","guid":{"rendered":"http:\/\/jarvi-suomi.tul-kopio.16.testivedos.com\/?page_id=2"},"modified":"2025-02-14T14:45:39","modified_gmt":"2025-02-14T12:45:39","slug":"etusivu","status":"publish","type":"page","link":"https:\/\/tul.fi\/lappi\/","title":{"rendered":"Lapin piiri"},"content":{"rendered":"\n<p>Lapin piiri toimii toiminta-alueellaan TUL ry:n ja j\u00e4senseurojensa v\u00e4lisen\u00e4 sek\u00e4 j\u00e4senseurojensa keskin\u00e4isen\u00e4 yhdyssiteen\u00e4. Lapin piiri perustaa toimintansa ty\u00f6v\u00e4enliikkeen aatemaailmaan ja rakentavaan yhteisty\u00f6h\u00f6n.<\/p>\n\n\n\n<p>Tavoitteena on huolehtia siit\u00e4, ett\u00e4 kaikilla sukupuoleen, ik\u00e4\u00e4n, etniseen&nbsp;taustaan tai varallisuuteen katsomatta olisi mahdollisuus harrastaa liikuntaa hyv\u00e4ss\u00e4 seurassa omassa asuinymp\u00e4rist\u00f6ss\u00e4\u00e4n.&nbsp;<\/p>\n\n\n\n<p>Muista suomalaisista liikuntaj\u00e4rjest\u00f6ist\u00e4 poiketen TUL on osa ty\u00f6v\u00e4enliikett\u00e4, my\u00f6s kansallisesti. T\u00e4m\u00e4 n\u00e4kyy mm. yhteisiss\u00e4 tasa-arvoa ja solidaarisuutta korostavissa toimintaperiaatteissa sek\u00e4 l\u00e4heisess\u00e4 yhteisty\u00f6ss\u00e4 ammattiyhdistysliikkeen kanssa.<\/p>\n\n\n\n<p><a href=\"https:\/\/www.facebook.com\/TULLappi\/\" target=\"_blank\" rel=\"noreferrer noopener\">TUL Lappi Facebookissa<\/a><\/p>\n\n\n\n<div class=\"wp-block-columns is-layout-flex wp-container-core-columns-is-layout-9d6595d7 wp-block-columns-is-layout-flex\">\n<div class=\"wp-block-column is-layout-flow wp-block-column-is-layout-flow\">\n<h3 class=\"wp-block-heading\"><strong>Piiritoiminnan painopisteet&nbsp;&nbsp;&nbsp;&nbsp;&nbsp;&nbsp;&nbsp;&nbsp;&nbsp;&nbsp;&nbsp;&nbsp;<\/strong><\/h3>\n\n\n\n<ul class=\"wp-block-list\">\n<li>lasten ja nuorten liikunta<\/li>\n\n\n\n<li>aikuisten harrasteliikunta<\/li>\n\n\n\n<li>senioriliikunta<\/li>\n\n\n\n<li>lajitoiminta<\/li>\n\n\n\n<li>koulutustoiminta<\/li>\n\n\n\n<li>viestint\u00e4<\/li>\n\n\n\n<li>palvelutoiminta<\/li>\n<\/ul>\n<\/div>\n\n\n\n<div class=\"wp-block-column is-layout-flow wp-block-column-is-layout-flow\">\n<h3 class=\"wp-block-heading\"><\/h3>\n<\/div>\n<\/div>\n","protected":false},"excerpt":{"rendered":"<p>Lapin piiri toimii toiminta-alueellaan TUL ry:n ja j\u00e4senseurojensa v\u00e4lisen\u00e4 sek\u00e4 j\u00e4senseurojensa keskin\u00e4isen\u00e4 yhdyssiteen\u00e4. Lapin piiri perustaa toimintansa ty\u00f6v\u00e4enliikkeen aatemaailmaan ja rakentavaan yhteisty\u00f6h\u00f6n. Tavoitteena on huolehtia siit\u00e4, ett\u00e4 kaikilla sukupuoleen, ik\u00e4\u00e4n, etniseen&nbsp;taustaan tai varallisuuteen katsomatta olisi mahdollisuus harrastaa liikuntaa hyv\u00e4ss\u00e4 seurassa omassa asuinymp\u00e4rist\u00f6ss\u00e4\u00e4n.&nbsp; Muista suomalaisista liikuntaj\u00e4rjest\u00f6ist\u00e4 poiketen TUL on osa ty\u00f6v\u00e4enliikett\u00e4, my\u00f6s kansallisesti. T\u00e4m\u00e4 n\u00e4kyy mm. [&hellip;]<\/p>\n","protected":false},"author":1,"featured_media":1266,"parent":0,"menu_order":0,"comment_status":"closed","ping_status":"open","template":"","meta":{"_acf_changed":false,"footnotes":""},"class_list":["post-2","page","type-page","status-publish","has-post-thumbnail","hentry"],"acf":[],"aioseo_notices":[],"_links":{"self":[{"href":"https:\/\/tul.fi\/lappi\/wp-json\/wp\/v2\/pages\/2","targetHints":{"allow":["GET"]}}],"collection":[{"href":"https:\/\/tul.fi\/lappi\/wp-json\/wp\/v2\/pages"}],"about":[{"href":"https:\/\/tul.fi\/lappi\/wp-json\/wp\/v2\/types\/page"}],"author":[{"embeddable":true,"href":"https:\/\/tul.fi\/lappi\/wp-json\/wp\/v2\/users\/1"}],"replies":[{"embeddable":true,"href":"https:\/\/tul.fi\/lappi\/wp-json\/wp\/v2\/comments?post=2"}],"version-history":[{"count":5,"href":"https:\/\/tul.fi\/lappi\/wp-json\/wp\/v2\/pages\/2\/revisions"}],"predecessor-version":[{"id":1253,"href":"https:\/\/tul.fi\/lappi\/wp-json\/wp\/v2\/pages\/2\/revisions\/1253"}],"wp:featuredmedia":[{"embeddable":true,"href":"https:\/\/tul.fi\/lappi\/wp-json\/wp\/v2\/media\/1266"}],"wp:attachment":[{"href":"https:\/\/tul.fi\/lappi\/wp-json\/wp\/v2\/media?parent=2"}],"curies":[{"name":"wp","href":"https:\/\/api.w.org\/{rel}","templated":true}]}}