{"id":88,"date":"2020-12-09T14:43:13","date_gmt":"2020-12-09T12:43:13","guid":{"rendered":"http:\/\/tul-kopio.16.testivedos.com\/lappi\/?page_id=88"},"modified":"2025-02-14T14:19:27","modified_gmt":"2025-02-14T12:19:27","slug":"nuoriso","status":"publish","type":"page","link":"https:\/\/tul.fi\/lappi\/toiminta\/nuoriso\/","title":{"rendered":"Nuoriso"},"content":{"rendered":"\n<h2 class=\"wp-block-heading\"><strong>LETE-leiri<\/strong><\/h2>\n\n\n\n<p>Nuorille suunnattu LETE-leiri on perinteinen lasten- ja nuorten Sporttinen telttaleiri, joka j\u00e4rjestet\u00e4\u00e4n vuosittain loppukes\u00e4st\u00e4 Ajoksen Hannukselan rannan maastossa, luonnon kauniissa merenrantamaisemassa.<\/p>\n\n\n\n<p>Ohjelmassa on pelej\u00e4, leikkej\u00e4, kisailuja, k\u00e4dentaitoja ja lajikokeiluja. Iltanuotiot kuuluvat p\u00e4ivitt\u00e4iseen ohjelmaan, joilla ohjelmapuolesta vastaavat niin leiril\u00e4iset kuin ohjaajatkin. Leirin ohjelmasta vastaavat TUL:n koulutetut ohjaajat ja leirin johto on pitk\u00e4n leirikokemuksen omaavien ohjaajien k\u00e4siss\u00e4. <\/p>\n\n\n\n<p><\/p>\n\n\n\n<h2 class=\"wp-block-heading\"><strong>Nuorten kes\u00e4ty\u00f6t<\/strong><strong><\/strong><\/h2>\n\n\n\n<p>Haluatko toimia ohjaajana leirill\u00e4?<\/p>\n\n\n\n<p>Jos olet p\u00e4\u00e4tt\u00e4m\u00e4ss\u00e4 peruskoulua tai olet 2.asteen opiskelija, sinulla on mahdollisuus hakea kes\u00e4ty\u00f6seteli, joka mahdollistaa kes\u00e4ty\u00f6n TUL:n Lapin piirill\u00e4.<\/p>\n\n\n\n<p>Ty\u00f6sopimukset tehd\u00e4\u00e4n piiritoimistolla, jossa kerrotaan lis\u00e4\u00e4 kes\u00e4ty\u00f6st\u00e4, os Nahkurinkatu 1, Kemi.<\/p>\n\n\n\n<p><strong>Lis\u00e4tiedot:<\/strong>&nbsp;Pirkko Pehkonen,&nbsp;044&nbsp;901 6140,&nbsp;pirkko.pehkonen@tul.fi<\/p>\n\n\n\n<p>Tutustu TUL:n Lapin piirin nuorisojaoston toimintaan tarkemmin&nbsp;<a href=\"https:\/\/www.facebook.com\/TULNuorisojaosto\" target=\"_blank\" rel=\"noreferrer noopener\">Facebookissa<\/a>. <br>Tai kysy lis\u00e4\u00e4 nuorisojaoston puheenjohtajalta Liini Tainiolta liini.tainio@gmail.com <\/p>\n","protected":false},"excerpt":{"rendered":"<p>LETE-leiri Nuorille suunnattu LETE-leiri on perinteinen lasten- ja nuorten Sporttinen telttaleiri, joka j\u00e4rjestet\u00e4\u00e4n vuosittain loppukes\u00e4st\u00e4 Ajoksen Hannukselan rannan maastossa, luonnon kauniissa merenrantamaisemassa. Ohjelmassa on pelej\u00e4, leikkej\u00e4, kisailuja, k\u00e4dentaitoja ja lajikokeiluja. Iltanuotiot kuuluvat p\u00e4ivitt\u00e4iseen ohjelmaan, joilla ohjelmapuolesta vastaavat niin leiril\u00e4iset kuin ohjaajatkin. Leirin ohjelmasta vastaavat TUL:n koulutetut ohjaajat ja leirin johto on pitk\u00e4n leirikokemuksen omaavien ohjaajien [&hellip;]<\/p>\n","protected":false},"author":1,"featured_media":0,"parent":80,"menu_order":0,"comment_status":"closed","ping_status":"closed","template":"","meta":{"_acf_changed":false,"footnotes":""},"class_list":["post-88","page","type-page","status-publish","hentry"],"acf":[],"aioseo_notices":[],"_links":{"self":[{"href":"https:\/\/tul.fi\/lappi\/wp-json\/wp\/v2\/pages\/88","targetHints":{"allow":["GET"]}}],"collection":[{"href":"https:\/\/tul.fi\/lappi\/wp-json\/wp\/v2\/pages"}],"about":[{"href":"https:\/\/tul.fi\/lappi\/wp-json\/wp\/v2\/types\/page"}],"author":[{"embeddable":true,"href":"https:\/\/tul.fi\/lappi\/wp-json\/wp\/v2\/users\/1"}],"replies":[{"embeddable":true,"href":"https:\/\/tul.fi\/lappi\/wp-json\/wp\/v2\/comments?post=88"}],"version-history":[{"count":4,"href":"https:\/\/tul.fi\/lappi\/wp-json\/wp\/v2\/pages\/88\/revisions"}],"predecessor-version":[{"id":1257,"href":"https:\/\/tul.fi\/lappi\/wp-json\/wp\/v2\/pages\/88\/revisions\/1257"}],"up":[{"embeddable":true,"href":"https:\/\/tul.fi\/lappi\/wp-json\/wp\/v2\/pages\/80"}],"wp:attachment":[{"href":"https:\/\/tul.fi\/lappi\/wp-json\/wp\/v2\/media?parent=88"}],"curies":[{"name":"wp","href":"https:\/\/api.w.org\/{rel}","templated":true}]}}