{"id":38,"date":"2020-12-08T15:56:57","date_gmt":"2020-12-08T13:56:57","guid":{"rendered":"http:\/\/tul-kopio.16.testivedos.com\/jarvi-suomi\/?page_id=38"},"modified":"2024-03-07T14:18:54","modified_gmt":"2024-03-07T12:18:54","slug":"seuroille","status":"publish","type":"page","link":"https:\/\/tul.fi\/oulu\/seuroille\/","title":{"rendered":"Seuroille"},"content":{"rendered":"\n<h2 class=\"wp-block-heading\">Koulutukset<\/h2>\n\n\n\n<p>Haluatko kehitt\u00e4\u00e4 seuran valmentajien ja ohjaajien osaamista entisest\u00e4\u00e4n? Onko tarvetta seuratoiminnan perusteiden kehitt\u00e4miselle? Verkkokoulutusten lis\u00e4ksi tarjoamme my\u00f6s alueellisia tai seurakohtaisia l\u00e4hikoulutuksia. Koulutustarjontamme kattaa kaiken aina seuratoiminnan perusteista (mm. taloudenhallinto, viestint\u00e4- ja markkinointi sek\u00e4 johtaminen) teemakoulutuksiin asti (mm. OKM Seuratuki, T\u00e4htiseurasparraus, valmennuslinjauskoulutus, seuran arvot, visio ja strategiakoulutus). Laadukas valmennus ja ohjaus ovat hyv\u00e4n seuratoiminnan t\u00e4rkeimpi\u00e4 asioita ja siksi meilt\u00e4 l\u00f6ytyy kattavia valmennuskoulutuksia, jotka voidaan r\u00e4\u00e4t\u00e4l\u00f6id\u00e4 valmennettavien kohderyhm\u00e4n mukaisesti aina lapsista el\u00e4kel\u00e4isiin.<\/p>\n\n\n\n<p>Liitostamme l\u00f6ytyy monipuolista koulutusosaamista, mutta koulutuksesta riippuen k\u00e4yt\u00e4mme my\u00f6s ulkopuolista osaamista parhaan mahdollisen palvelun tuottamiseen. List\u00e4tietoa l\u00e4hikoulutuksista l\u00f6yd\u00e4t&nbsp;<a href=\"https:\/\/tul.fi\/koulutus\/\" target=\"_blank\" rel=\"noreferrer noopener\">t\u00e4\u00e4lt\u00e4<\/a>.<\/p>\n\n\n\n<p>Mik\u00e4li her\u00e4\u00e4 mit\u00e4 tahansa kysytt\u00e4v\u00e4\u00e4 koulutuksista, niin voit olla yhteydess\u00e4 matalalla kynnyksell\u00e4 piirin toiminnanjohtajaan<\/p>\n\n\n\n<p><strong>Joni Valta<\/strong><br>Toiminnanjohtaja, Oulun ja Kainuun piiri<br>joni.valta@tul.fi<br>045 7731 2450<\/p>\n\n\n\n<h2 class=\"wp-block-heading\">J\u00e4senille<\/h2>\n\n\n\n<p><a href=\"https:\/\/tul.fi\/jasenille\/jasenedut\/\" target=\"_blank\" rel=\"noreferrer noopener\" title=\"https:\/\/tul.fi\/jasenille\/jasenedut\/\">TUL:n j\u00e4senedut<\/a><\/p>\n","protected":false},"excerpt":{"rendered":"<p>Koulutukset Haluatko kehitt\u00e4\u00e4 seuran valmentajien ja ohjaajien osaamista entisest\u00e4\u00e4n? Onko tarvetta seuratoiminnan perusteiden kehitt\u00e4miselle? Verkkokoulutusten lis\u00e4ksi tarjoamme my\u00f6s alueellisia tai seurakohtaisia l\u00e4hikoulutuksia. Koulutustarjontamme kattaa kaiken aina seuratoiminnan perusteista (mm. taloudenhallinto, viestint\u00e4- ja markkinointi sek\u00e4 johtaminen) teemakoulutuksiin asti (mm. OKM Seuratuki, T\u00e4htiseurasparraus, valmennuslinjauskoulutus, seuran arvot, visio ja strategiakoulutus). Laadukas valmennus ja ohjaus ovat hyv\u00e4n seuratoiminnan t\u00e4rkeimpi\u00e4 [&hellip;]<\/p>\n","protected":false},"author":1,"featured_media":0,"parent":0,"menu_order":0,"comment_status":"closed","ping_status":"closed","template":"","meta":{"_acf_changed":false,"footnotes":""},"class_list":["post-38","page","type-page","status-publish","hentry"],"acf":[],"aioseo_notices":[],"_links":{"self":[{"href":"https:\/\/tul.fi\/oulu\/wp-json\/wp\/v2\/pages\/38","targetHints":{"allow":["GET"]}}],"collection":[{"href":"https:\/\/tul.fi\/oulu\/wp-json\/wp\/v2\/pages"}],"about":[{"href":"https:\/\/tul.fi\/oulu\/wp-json\/wp\/v2\/types\/page"}],"author":[{"embeddable":true,"href":"https:\/\/tul.fi\/oulu\/wp-json\/wp\/v2\/users\/1"}],"replies":[{"embeddable":true,"href":"https:\/\/tul.fi\/oulu\/wp-json\/wp\/v2\/comments?post=38"}],"version-history":[{"count":8,"href":"https:\/\/tul.fi\/oulu\/wp-json\/wp\/v2\/pages\/38\/revisions"}],"predecessor-version":[{"id":1019,"href":"https:\/\/tul.fi\/oulu\/wp-json\/wp\/v2\/pages\/38\/revisions\/1019"}],"wp:attachment":[{"href":"https:\/\/tul.fi\/oulu\/wp-json\/wp\/v2\/media?parent=38"}],"curies":[{"name":"wp","href":"https:\/\/api.w.org\/{rel}","templated":true}]}}