{"id":38,"date":"2020-12-08T15:56:57","date_gmt":"2020-12-08T13:56:57","guid":{"rendered":"http:\/\/tul-kopio.16.testivedos.com\/jarvi-suomi\/?page_id=38"},"modified":"2026-04-10T08:37:36","modified_gmt":"2026-04-10T05:37:36","slug":"seuroille","status":"publish","type":"page","link":"https:\/\/tul.fi\/satakunta\/seuroille\/","title":{"rendered":"Seuroille"},"content":{"rendered":"\n<div class=\"wp-block-buttons is-layout-flex wp-block-buttons-is-layout-flex\">\n<div class=\"wp-block-button\"><a class=\"wp-block-button__link wp-element-button\" href=\"#Seurakirje\">Seurakirje<\/a><\/div>\n\n\n\n<div class=\"wp-block-button\"><a class=\"wp-block-button__link wp-element-button\" href=\"#Joulutauko\">Joulutauko<\/a><\/div>\n\n\n\n<div class=\"wp-block-button\"><a class=\"wp-block-button__link wp-element-button\" href=\"#Ansiomerkit\">Ansiomerkit<\/a><\/div>\n\n\n\n<div class=\"wp-block-button\"><a class=\"wp-block-button__link wp-element-button\" href=\"#Koulutus\">Koulutus<\/a><\/div>\n\n\n\n<div class=\"wp-block-button\"><a class=\"wp-block-button__link wp-element-button\" href=\"#Tuet\">Tuet ja avustukset<\/a><\/div>\n\n\n\n<div class=\"wp-block-button\"><a class=\"wp-block-button__link wp-element-button\" href=\"#J\u00e4senedut\">J\u00e4senedut<\/a><\/div>\n\n\n\n<div class=\"wp-block-button\"><a class=\"wp-block-button__link wp-element-button\" href=\"#S\u00e4\u00e4nn\u00f6t\">S\u00e4\u00e4nn\u00f6t<\/a><\/div>\n\n\n\n<div class=\"wp-block-button\"><a class=\"wp-block-button__link wp-element-button\" href=\"#Lomakkeet\">Lomakkeet<\/a><\/div>\n<\/div>\n\n\n\n<h2 class=\"wp-block-heading\" id=\"Seurakirje\">Seurakirje<\/h2>\n\n\n\n<p>TUL:n Satakunnan piiri l\u00e4hett\u00e4\u00e4 j\u00e4senseuroilleen seurakirjeen noin kuusi kertaa vuodessa.<br>Liittym\u00e4ll\u00e4 postituslistallemme saat ajankohtaiset asiat s\u00e4hk\u00f6postiisi. Voit poistua listalta milloin haluat. <a href=\"https:\/\/tul-lv.creamailer.fi\/survey\/3x0o7jdvncmbg\" target=\"_blank\" rel=\"noopener\" title=\"\">Liity t\u00e4st\u00e4 postituslistalle<\/a><\/p>\n\n\n\n<div class=\"wp-block-columns is-layout-flex wp-container-core-columns-is-layout-9d6595d7 wp-block-columns-is-layout-flex\">\n<div class=\"wp-block-column is-layout-flow wp-block-column-is-layout-flow\">\n<p><a href=\"https:\/\/tul.creamailer.fi\/email\/69cd01dd819f7\" target=\"_blank\" rel=\"noopener\" title=\"\">Seurakirje 2\/2026<\/a><br><a href=\"https:\/\/tul.creamailer.fi\/email\/698596f565369\" target=\"_blank\" rel=\"noopener\" title=\"\">Seurakirje 1\/2026<\/a><\/p>\n<\/div>\n\n\n\n<div class=\"wp-block-column is-layout-flow wp-block-column-is-layout-flow\">\n<p><a href=\"https:\/\/tul.creamailer.fi\/email\/691ebb9d349d9\" target=\"_blank\" rel=\"noopener\" title=\"\">Seurakirje 8\/2025<\/a><br><a href=\"https:\/\/tul.creamailer.fi\/email\/68da387f5b431\" target=\"_blank\" rel=\"noopener\" title=\"\">Seurakirje 7\/2025<\/a><br><a href=\"https:\/\/tul.creamailer.fi\/email\/68ac18fcc6ef3\" target=\"_blank\" rel=\"noopener\" title=\"\">Seurakirje 6\/2025<\/a><br><a href=\"https:\/\/tul.creamailer.fi\/email\/68999e4ec9398\" target=\"_blank\" rel=\"noopener\" title=\"\">Seurakirje 5\/2025<\/a><br><a href=\"https:\/\/tul.creamailer.fi\/email\/684aa7aa46fa8\" target=\"_blank\" rel=\"noopener\" title=\"\">Seurakirje 4\/2025<\/a><br><a href=\"https:\/\/tul.creamailer.fi\/email\/68107c1c2efff\" target=\"_blank\" rel=\"noopener\" title=\"\">Seurakirje 3\/2025<\/a><br><a href=\"https:\/\/tul.creamailer.fi\/email\/67f4fc51b7f44\" target=\"_blank\" rel=\"noopener\" title=\"\">Seurakirje 2\/2025<\/a><br><a href=\"https:\/\/tul.creamailer.fi\/email\/67a07da08015b\" target=\"_blank\" rel=\"noopener\" title=\"\">Seurakirje 1\/2025<\/a><\/p>\n<\/div>\n<\/div>\n\n\n\n<h2 class=\"wp-block-heading\" id=\"Joulutauko\">Joulutauko<\/h2>\n\n\n\n<p>TUL:n Satakunnan piiri julkaisee vuosittain Joulutauko-lehden. Lehti sis\u00e4lt\u00e4\u00e4 juttuja mm. piirin ja seurojen toiminnasta ja tapahtumista sek\u00e4 urheilijahaastatteluja.<br>Lehti\u00e4 on myynniss\u00e4 piirin toimistolla, Antinkatu 9 A 4.<\/p>\n\n\n\n<p>Lehti on julkaistu my\u00f6s digitaalisena ja p\u00e4\u00e4set lukemaan lehdet alla olevista linkeist\u00e4.<\/p>\n\n\n\n<p><a href=\"https:\/\/indd.adobe.com\/view\/0f94ec98-2f3e-4347-84cb-a0b4c0a05eec\" target=\"_blank\" rel=\"noopener\" title=\"\">Joulutauko 2025<\/a><br><a href=\"https:\/\/issuu.com\/tulsatakunta\/docs\/joulutauko-2024\" target=\"_blank\" rel=\"noopener\" title=\"\">Joulutauko 2024<\/a><br><a href=\"https:\/\/issuu.com\/tulsatakunta\/docs\/joulutauko_2023\" target=\"_blank\" rel=\"noopener\" title=\"\">Joulutauko 2023<\/a><br><a href=\"https:\/\/issuu.com\/tulsatakunta\/docs\/joulutauko-2022\" target=\"_blank\" rel=\"noopener\" title=\"\">Joulutauko 2022<\/a><\/p>\n\n\n\n<h2 class=\"wp-block-heading\" id=\"Ansiomerkit\">Ansiomerkit<\/h2>\n\n\n\n<h3 class=\"wp-block-heading\">TUL:n Satakunnan piirin ansiomerkit<\/h3>\n\n\n\n<p>TUL:n Satakunnan piirin piirihallitus my\u00f6nt\u00e4\u00e4 vuosittain piirin hyv\u00e4ksi tapahtuneesta toiminnasta ansioituneen henkil\u00f6n piirin kultaisella tai hopeisella ansiomerkill\u00e4.<\/p>\n\n\n\n<p>Piirihallitus nime\u00e4\u00e4 merkkien saajat seurojen l\u00e4hett\u00e4misen esitysten perusteella. Esityksen voi tehd\u00e4 my\u00f6s piirihallitus. Merkit numeroidaan ja piirihallituksen on pidett\u00e4v\u00e4 niist\u00e4 luetteloa.<\/p>\n\n\n\n<p>Kultaisen ja hopeisen ansiomerkin antamisv\u00e4li tulee olla v\u00e4hint\u00e4\u00e4n 5 vuotta.<\/p>\n\n\n\n<p>TUL:n Satakunnan piiri laskuttaa merkki\u00e4 anoneelta seuralta piirin hopeisesta ja kultaisesta ansiomerkist\u00e4 20 euroa\/merkki.<\/p>\n\n\n\n<h4 class=\"wp-block-heading\">TUL:n Satakunnan piirin kultainen ansiomerkki<\/h4>\n\n\n\n<p>Piirihallitus my\u00f6nt\u00e4\u00e4 vuosittain enint\u00e4\u00e4n viisi (5) kultaista ansiomerkki\u00e4.<\/p>\n\n\n\n<h5 class=\"wp-block-heading\">My\u00f6nt\u00e4misperusteet<\/h5>\n\n\n\n<p>Piirin kultainen ansiomerkki voidaan antaa henkil\u00f6lle, joka<\/p>\n\n\n\n<ul class=\"wp-block-list\">\n<li>on toiminut piirin j\u00e4senseuran johtoteht\u00e4viss\u00e4 v\u00e4hint\u00e4\u00e4n 15&nbsp;vuotta tai<\/li>\n\n\n\n<li>on toiminut piirihallituksen tai muissa piirin elimiss\u00e4 v\u00e4hint\u00e4\u00e4n 10 vuotta tai<\/li>\n\n\n\n<li>on toiminut muuten erityisen ansiokkaasti piirin hyv\u00e4ksi.<\/li>\n<\/ul>\n\n\n\n<h4 class=\"wp-block-heading\">TUL:n Satakunnan piirin hopeinen ansiomerkki<\/h4>\n\n\n\n<p>Piirihallitus my\u00f6nt\u00e4\u00e4 vuosittain enint\u00e4\u00e4n kymmenen (10) hopeista ansiomerkki\u00e4.<\/p>\n\n\n\n<h5 class=\"wp-block-heading\">My\u00f6nt\u00e4misperusteet<\/h5>\n\n\n\n<p>Piirin hopeinen ansiomerkki voidaan antaa henkil\u00f6lle, joka<\/p>\n\n\n\n<ul class=\"wp-block-list\">\n<li>on toiminut piirin j\u00e4senseuran johtoteht\u00e4viss\u00e4 v\u00e4hint\u00e4\u00e4n 10&nbsp;vuotta tai<\/li>\n\n\n\n<li>on toiminut piirihallituksessa tai muissa piirin elimiss\u00e4 v\u00e4hint\u00e4\u00e4n 5 vuotta tai<\/li>\n\n\n\n<li>on toiminut muuten ansiokkaasti piirin hyv\u00e4ksi.<\/li>\n<\/ul>\n\n\n\n<p><strong>Ansiomerkkien haku sulkeutuu 21.9.2025.<\/strong><\/p>\n\n\n\n<div class=\"wp-block-buttons is-layout-flex wp-block-buttons-is-layout-flex\">\n<div class=\"wp-block-button\"><a class=\"wp-block-button__link wp-element-button\" href=\"https:\/\/tul-lv.creamailer.fi\/survey\/l8754sfgftsbq\" target=\"_blank\" rel=\"noreferrer noopener\">Piirin ansiomerkkien hakulomake<\/a><\/div>\n<\/div>\n\n\n\n<h3 class=\"wp-block-heading\">TUL:n ja Opetus- ja kulttuuriministeri\u00f6n ansiomerkit<\/h3>\n\n\n\n<p>TUL:n Kultainen ansiomerkki ja Kultainen seuraty\u00f6merkki my\u00f6nnet\u00e4\u00e4n vuosittain TUL:n p\u00e4iv\u00e4n\u00e4 26.1. Hallitus p\u00e4\u00e4tt\u00e4\u00e4 merkkien my\u00f6nt\u00e4misest\u00e4 seurojen l\u00e4hett\u00e4mien esitysten perusteella.<\/p>\n\n\n\n<p>OKM my\u00f6nt\u00e4\u00e4 vuosittain (26.2.)&nbsp;<a href=\"http:\/\/minedu.fi\/tunnustukset-ja-ansiomerkit\" target=\"_blank\" rel=\"noreferrer noopener\">liikunnan ja urheilun ansiomerkkej\u00e4&nbsp;<\/a>suomalaisen liikuntakulttuurin ja urheilun parissa ansioituneille.<\/p>\n\n\n\n<p>Lis\u00e4tiedot ja hakulomakkeet TUL:n ja OKM:n merkeist\u00e4 l\u00f6yd\u00e4t <a href=\"https:\/\/tul.fi\/jasenille\/seurapalvelut\/ansiomerkit\/\" target=\"_blank\" rel=\"noopener\" title=\"\">TUL:n verkkosivuilta<\/a>.<\/p>\n\n\n\n<h2 class=\"wp-block-heading\" id=\"Koulutus\">Koulutus<\/h2>\n\n\n\n<p class=\"has-large-font-size\"><a href=\"https:\/\/tulkouluttaa.fi\/login\/index.php\" target=\"_blank\" rel=\"noreferrer noopener\">TULkouluttaa.fi<\/a><\/p>\n\n\n\n<p>Verkkokoulutusalustaltamme l\u00f6yd\u00e4t kymmenitt\u00e4in koulutuksia niin seuran viestint\u00e4\u00e4n ja markkinointiin kuin tasa-arvo- ja yhdenvertaisuusty\u00f6h\u00f6n. Lis\u00e4ksi koulutusalustalta l\u00f6yd\u00e4t seminaareja ja webinaareja erilaisista liikunta- ja urheiluaiheista.<\/p>\n\n\n\n<p><a href=\"https:\/\/tulkouluttaa.fi\/login\/index.php\" target=\"_blank\" rel=\"noreferrer noopener\">Siirry verkkokoulutusalustalle<\/a><\/p>\n\n\n\n<p>Verkkokoulutuksen lis\u00e4ksi j\u00e4rjest\u00e4mme ajankohtaisia webinaareja sek\u00e4 avoimia l\u00e4hikoulutuksia seurojen j\u00e4senille, ohjaajille, vertaisohjaajille sek\u00e4 valmentajille. Seuralla on mahdollisuus my\u00f6s tilata erilaista l\u00e4hikoulutusta. Koulutus voidaan toteuttaa alueellisesti sek\u00e4 piiri- ett\u00e4 seurakohtaisesti.<\/p>\n\n\n\n<h2 class=\"wp-block-heading\" id=\"Tuet\">Tuet ja avustukset<\/h2>\n\n\n\n<p>Annamme informaatiota, ja opastamme seuroja erilaisten rahoitusavustusten hakemisessa. <br><a href=\"https:\/\/tul.fi\/jasenille\/seurapalvelut\/tuet-ja-avustukset\/\" target=\"_blank\" rel=\"noopener\" title=\"\">Tietoa apurahojen my\u00f6nt\u00e4jist\u00e4 l\u00f6yd\u00e4t t\u00e4\u00e4lt\u00e4.<\/a><\/p>\n\n\n\n<p>Mik\u00e4li sinulla on kysytt\u00e4v\u00e4\u00e4 tai kaipaat apua, ole yhteydess\u00e4 piirin toiminnanjohtajaan tai liikuntap\u00e4\u00e4llikk\u00f6 Antti Kempakseen (antti.kempas@tul.fi, 050 337 5942), joka auttaa teit\u00e4 kaikissa tukiin ja avustuksiin liittyviss\u00e4 asioissa.<\/p>\n\n\n\n<h2 class=\"wp-block-heading\" id=\"J\u00e4senedut\">J\u00e4senedut<\/h2>\n\n\n\n<p>Tarjoamme kattavia etuja urheiluseuroille ja sen j\u00e4senille! J\u00e4senseuramme ovat oikeutettuja liiton ja piiritoimistojemme asiantuntijapalveluihin sek\u00e4 yhteisty\u00f6kumppaneidemme tarjoamiin lukuisiin j\u00e4senetuihin! <a href=\"https:\/\/tul.fi\/jasenille\/jasenedut\/\" target=\"_blank\" rel=\"noopener\" title=\"\">Tutustu j\u00e4senetuihin t\u00e4\u00e4lt\u00e4<\/a>.<\/p>\n\n\n\n<h2 class=\"wp-block-heading\" id=\"S\u00e4\u00e4nn\u00f6t\">S\u00e4\u00e4nn\u00f6t<\/h2>\n\n\n\n<p><a href=\"https:\/\/tul.fi\/satakunta\/wp-content\/uploads\/sites\/9\/2024\/04\/Piirin-saannot-24.4.2024.pdf\" target=\"_blank\" rel=\"noopener\" title=\"\">Piirin s\u00e4\u00e4nn\u00f6t<\/a><br><a href=\"https:\/\/tul.fi\/jasenille\/lomakkeet\/asiakirjamalleja\/\" target=\"_blank\" rel=\"noreferrer noopener\">Tutustu mallis\u00e4\u00e4nt\u00f6ihin<\/a><\/p>\n\n\n\n<h2 class=\"wp-block-heading\" id=\"Lomakkeet\">Lomakkeet<\/h2>\n\n\n\n<p><a href=\"https:\/\/link.webropolsurveys.com\/Participation\/Public\/7a90c223-05c2-484d-b648-a3ea9757e2ff?displayId=Fin2687785\" target=\"_blank\" rel=\"noopener\" title=\"\">Vuosi-ilmoitus<\/a><br><a href=\"https:\/\/tul.fi\/satakunta\/wp-content\/uploads\/sites\/9\/2023\/01\/MATKALASKU.xlsx\" title=\"\">Matkalasku<\/a><\/p>\n","protected":false},"excerpt":{"rendered":"<p>Seurakirje TUL:n Satakunnan piiri l\u00e4hett\u00e4\u00e4 j\u00e4senseuroilleen seurakirjeen noin kuusi kertaa vuodessa.Liittym\u00e4ll\u00e4 postituslistallemme saat ajankohtaiset asiat s\u00e4hk\u00f6postiisi. Voit poistua listalta milloin haluat. Liity t\u00e4st\u00e4 postituslistalle Seurakirje 2\/2026Seurakirje 1\/2026 Seurakirje 8\/2025Seurakirje 7\/2025Seurakirje 6\/2025Seurakirje 5\/2025Seurakirje 4\/2025Seurakirje 3\/2025Seurakirje 2\/2025Seurakirje 1\/2025 Joulutauko TUL:n Satakunnan piiri julkaisee vuosittain Joulutauko-lehden. Lehti sis\u00e4lt\u00e4\u00e4 juttuja mm. piirin ja seurojen toiminnasta ja tapahtumista sek\u00e4 urheilijahaastatteluja.Lehti\u00e4 [&hellip;]<\/p>\n","protected":false},"author":1,"featured_media":0,"parent":0,"menu_order":0,"comment_status":"closed","ping_status":"closed","template":"","meta":{"_acf_changed":false,"footnotes":""},"class_list":["post-38","page","type-page","status-publish","hentry"],"acf":[],"aioseo_notices":[],"_links":{"self":[{"href":"https:\/\/tul.fi\/satakunta\/wp-json\/wp\/v2\/pages\/38","targetHints":{"allow":["GET"]}}],"collection":[{"href":"https:\/\/tul.fi\/satakunta\/wp-json\/wp\/v2\/pages"}],"about":[{"href":"https:\/\/tul.fi\/satakunta\/wp-json\/wp\/v2\/types\/page"}],"author":[{"embeddable":true,"href":"https:\/\/tul.fi\/satakunta\/wp-json\/wp\/v2\/users\/1"}],"replies":[{"embeddable":true,"href":"https:\/\/tul.fi\/satakunta\/wp-json\/wp\/v2\/comments?post=38"}],"version-history":[{"count":82,"href":"https:\/\/tul.fi\/satakunta\/wp-json\/wp\/v2\/pages\/38\/revisions"}],"predecessor-version":[{"id":3146,"href":"https:\/\/tul.fi\/satakunta\/wp-json\/wp\/v2\/pages\/38\/revisions\/3146"}],"wp:attachment":[{"href":"https:\/\/tul.fi\/satakunta\/wp-json\/wp\/v2\/media?parent=38"}],"curies":[{"name":"wp","href":"https:\/\/api.w.org\/{rel}","templated":true}]}}