{"id":296,"date":"2021-05-19T14:17:34","date_gmt":"2021-05-19T11:17:34","guid":{"rendered":"https:\/\/tul.fi\/suurhelsinki-uusimaa\/?page_id=296"},"modified":"2022-06-22T14:50:48","modified_gmt":"2022-06-22T11:50:48","slug":"verkkokoulutukset-koulutukset-aukeavat-kesalla-2021","status":"publish","type":"page","link":"https:\/\/tul.fi\/uusimaa\/koulutus\/verkkokoulutukset-koulutukset-aukeavat-kesalla-2021\/","title":{"rendered":"Verkkokoulutukset"},"content":{"rendered":"\n<h2 class=\"wp-block-heading\">Verkkokoulutukset <\/h2>\n\n\n\n<h3 class=\"wp-block-heading\"><mark style=\"background-color:rgba(0, 0, 0, 0)\" class=\"has-inline-color has-red-color\"><a href=\"https:\/\/tulkouluttaa.fi\/\" target=\"_blank\" rel=\"noreferrer noopener\" title=\"TULkouluttaa\">TULkouluttaa<\/a><\/mark> verkkokoulutusalusta on julkaistu!<\/h3>\n\n\n\n<p>Verkkokoulutusalustaltamme l\u00f6yd\u00e4t kattavia koulutuksia seuran viestint\u00e4\u00e4n ja markkinointiin, psyykkiseen valmentamiseen ja urheiluravitsemukseen liittyen. Lis\u00e4ksi koulutualustamme sis\u00e4lt\u00e4\u00e4 kattavan tasa-arvoon- ja yhdenvertaisuusty\u00f6h\u00f6n keskittyv\u00e4n koulutuskokonaisuuden.  Koulutusalustalta l\u00f6yd\u00e4t my\u00f6s seminaareja ja webinaareja erilaisista liikunta- ja urheiluaiheista. <\/p>\n\n\n\n<p>Koulutusalustaa kehitet\u00e4\u00e4n ja t\u00e4ydennet\u00e4\u00e4n jatkuvasti. Haluamme varmistaa, ett\u00e4 koulutusalustalta l\u00f6ytyy monipuolista ja ajankohtaista koulutusta seuroillemme, seuratoimijoille ja liikuntayhteis\u00f6lle. T\u00e4m\u00e4 tarkoittaa, ett\u00e4 koulutuksia lis\u00e4t\u00e4\u00e4n verkkokoulutusalustalle s\u00e4\u00e4nn\u00f6llisesti. Tulevia koulutuksia ovat mm. seuratoiminnan perusteet sek\u00e4 taloudenhallinta. <\/p>\n\n\n\n<p>L\u00f6yd\u00e4t verkkokoulutusalustan osoitteesta www.tulkouluttaa.fi. <\/p>\n\n\n\n<p class=\"has-text-align-left has-regular-font-size\"><strong><a href=\"https:\/\/tulkouluttaa.fi\/login\/index.php\" target=\"_blank\" rel=\"noreferrer noopener\">Siirry verkkokoulutusalustalle<\/a><\/strong><\/p>\n\n\n\n<p><strong>Lis\u00e4tietoja<\/strong>:<br>Ilpo Laurila, seurapalvelujohtaja<br>ilpo.laurila@tul.fi<\/p>\n\n\n\n<p>Ville Hautakangas, Uudenmaan piirin toiminnanjohtaja<br>ville.hautakangas@tul.fi<\/p>\n\n\n\n<div class=\"wp-block-columns is-layout-flex wp-container-core-columns-is-layout-9d6595d7 wp-block-columns-is-layout-flex\">\n<div class=\"wp-block-column is-layout-flow wp-block-column-is-layout-flow\">\n<p id=\"block-68227e7b-d9dc-4f77-836f-331884ecd989\"><\/p>\n\n\n\n<p>&nbsp;<\/p>\n<\/div>\n\n\n\n<div class=\"wp-block-column is-layout-flow wp-block-column-is-layout-flow\"><\/div>\n<\/div>\n","protected":false},"excerpt":{"rendered":"<p>Verkkokoulutukset TULkouluttaa verkkokoulutusalusta on julkaistu! Verkkokoulutusalustaltamme l\u00f6yd\u00e4t kattavia koulutuksia seuran viestint\u00e4\u00e4n ja markkinointiin, psyykkiseen valmentamiseen ja urheiluravitsemukseen liittyen. Lis\u00e4ksi koulutualustamme sis\u00e4lt\u00e4\u00e4 kattavan tasa-arvoon- ja yhdenvertaisuusty\u00f6h\u00f6n keskittyv\u00e4n koulutuskokonaisuuden. Koulutusalustalta l\u00f6yd\u00e4t my\u00f6s seminaareja ja webinaareja erilaisista liikunta- ja urheiluaiheista. Koulutusalustaa kehitet\u00e4\u00e4n ja t\u00e4ydennet\u00e4\u00e4n jatkuvasti. Haluamme varmistaa, ett\u00e4 koulutusalustalta l\u00f6ytyy monipuolista ja ajankohtaista koulutusta seuroillemme, seuratoimijoille ja liikuntayhteis\u00f6lle. [&hellip;]<\/p>\n","protected":false},"author":32,"featured_media":0,"parent":58,"menu_order":0,"comment_status":"closed","ping_status":"closed","template":"","meta":{"_acf_changed":false,"footnotes":""},"class_list":["post-296","page","type-page","status-publish","hentry"],"acf":[],"aioseo_notices":[],"_links":{"self":[{"href":"https:\/\/tul.fi\/uusimaa\/wp-json\/wp\/v2\/pages\/296","targetHints":{"allow":["GET"]}}],"collection":[{"href":"https:\/\/tul.fi\/uusimaa\/wp-json\/wp\/v2\/pages"}],"about":[{"href":"https:\/\/tul.fi\/uusimaa\/wp-json\/wp\/v2\/types\/page"}],"author":[{"embeddable":true,"href":"https:\/\/tul.fi\/uusimaa\/wp-json\/wp\/v2\/users\/32"}],"replies":[{"embeddable":true,"href":"https:\/\/tul.fi\/uusimaa\/wp-json\/wp\/v2\/comments?post=296"}],"version-history":[{"count":6,"href":"https:\/\/tul.fi\/uusimaa\/wp-json\/wp\/v2\/pages\/296\/revisions"}],"predecessor-version":[{"id":823,"href":"https:\/\/tul.fi\/uusimaa\/wp-json\/wp\/v2\/pages\/296\/revisions\/823"}],"up":[{"embeddable":true,"href":"https:\/\/tul.fi\/uusimaa\/wp-json\/wp\/v2\/pages\/58"}],"wp:attachment":[{"href":"https:\/\/tul.fi\/uusimaa\/wp-json\/wp\/v2\/media?parent=296"}],"curies":[{"name":"wp","href":"https:\/\/api.w.org\/{rel}","templated":true}]}}