{"id":58,"date":"2020-12-09T20:30:20","date_gmt":"2020-12-09T18:30:20","guid":{"rendered":"http:\/\/tul-kopio.16.testivedos.com\/suurhelsinki-uusimaa\/?page_id=58"},"modified":"2021-05-19T14:37:58","modified_gmt":"2021-05-19T11:37:58","slug":"koulutus","status":"publish","type":"page","link":"https:\/\/tul.fi\/uusimaa\/koulutus\/","title":{"rendered":"Koulutus"},"content":{"rendered":"\n<div class=\"wp-block-buttons is-content-justification-left is-layout-flex wp-block-buttons-is-layout-flex\"><\/div>\n\n\n\n<h2 class=\"wp-block-heading\">Koulutustarjontamme<\/h2>\n\n\n\n<div style=\"height:38px\" aria-hidden=\"true\" class=\"wp-block-spacer\"><\/div>\n\n\n\n<p>J\u00e4rjest\u00e4mme monipuolista koulutusta, jonka p\u00e4\u00e4asiallinen tarkoitus on kehitt\u00e4\u00e4 valmennusosaamista sek\u00e4 tuoda yhteen eri tasoiset valmentajat kehitt\u00e4m\u00e4\u00e4n osaamistaan ja oppimaan toisiltaan.&nbsp;Valmentajakoulutuksilla pyrit\u00e4\u00e4n antamaan uusia ty\u00f6kaluja&nbsp;avuksi valmentajien arkity\u00f6h\u00f6n, jotta harjoittelun nousujohteisuus ja kehittyminen on jatkuvaa. J\u00e4rjest\u00e4mme t\u00e4ll\u00e4 hetkell\u00e4 valmentajakoulutusta, verkkokoulutusta ja erilaisia seminaareja. Lue lis\u00e4\u00e4 alla olevien linkkien kautta.<\/p>\n\n\n\n<div style=\"height:50px\" aria-hidden=\"true\" class=\"wp-block-spacer\"><\/div>\n\n\n\n<div class=\"wp-block-buttons is-layout-flex wp-block-buttons-is-layout-flex\">\n<div class=\"wp-block-button\"><a class=\"wp-block-button__link\" href=\"https:\/\/tul.fi\/suurhelsinki-uusimaa\/koulutus\/valmentajakoulutukset\/\" target=\"_blank\" rel=\"noreferrer noopener\">Valmentajakoulutukset<\/a><\/div>\n<\/div>\n\n\n\n<div class=\"wp-block-buttons is-layout-flex wp-block-buttons-is-layout-flex\">\n<div class=\"wp-block-button\"><a class=\"wp-block-button__link\" href=\"https:\/\/tul.fi\/suurhelsinki-uusimaa\/verkkokoulutukset-koulutukset-aukeavat-kesalla-2021\/\" target=\"_blank\" rel=\"noreferrer noopener\">Verkkokoulutukset<\/a><\/div>\n<\/div>\n\n\n\n<div class=\"wp-block-buttons is-layout-flex wp-block-buttons-is-layout-flex\">\n<div class=\"wp-block-button\"><a class=\"wp-block-button__link\" href=\"https:\/\/tul.fi\/suurhelsinki-uusimaa\/koulutus\/kestavyysseminaari\/\" target=\"_blank\" rel=\"noreferrer noopener\">Kest\u00e4vyysseminaari<\/a><\/div>\n<\/div>\n","protected":false},"excerpt":{"rendered":"<p>Koulutustarjontamme J\u00e4rjest\u00e4mme monipuolista koulutusta, jonka p\u00e4\u00e4asiallinen tarkoitus on kehitt\u00e4\u00e4 valmennusosaamista sek\u00e4 tuoda yhteen eri tasoiset valmentajat kehitt\u00e4m\u00e4\u00e4n osaamistaan ja oppimaan toisiltaan.&nbsp;Valmentajakoulutuksilla pyrit\u00e4\u00e4n antamaan uusia ty\u00f6kaluja&nbsp;avuksi valmentajien arkity\u00f6h\u00f6n, jotta harjoittelun nousujohteisuus ja kehittyminen on jatkuvaa. J\u00e4rjest\u00e4mme t\u00e4ll\u00e4 hetkell\u00e4 valmentajakoulutusta, verkkokoulutusta ja erilaisia seminaareja. Lue lis\u00e4\u00e4 alla olevien linkkien kautta.<\/p>\n","protected":false},"author":1,"featured_media":0,"parent":0,"menu_order":0,"comment_status":"closed","ping_status":"closed","template":"","meta":{"_acf_changed":false,"footnotes":""},"class_list":["post-58","page","type-page","status-publish","hentry"],"acf":[],"aioseo_notices":[],"_links":{"self":[{"href":"https:\/\/tul.fi\/uusimaa\/wp-json\/wp\/v2\/pages\/58","targetHints":{"allow":["GET"]}}],"collection":[{"href":"https:\/\/tul.fi\/uusimaa\/wp-json\/wp\/v2\/pages"}],"about":[{"href":"https:\/\/tul.fi\/uusimaa\/wp-json\/wp\/v2\/types\/page"}],"author":[{"embeddable":true,"href":"https:\/\/tul.fi\/uusimaa\/wp-json\/wp\/v2\/users\/1"}],"replies":[{"embeddable":true,"href":"https:\/\/tul.fi\/uusimaa\/wp-json\/wp\/v2\/comments?post=58"}],"version-history":[{"count":40,"href":"https:\/\/tul.fi\/uusimaa\/wp-json\/wp\/v2\/pages\/58\/revisions"}],"predecessor-version":[{"id":311,"href":"https:\/\/tul.fi\/uusimaa\/wp-json\/wp\/v2\/pages\/58\/revisions\/311"}],"wp:attachment":[{"href":"https:\/\/tul.fi\/uusimaa\/wp-json\/wp\/v2\/media?parent=58"}],"curies":[{"name":"wp","href":"https:\/\/api.w.org\/{rel}","templated":true}]}}